CRAN Package Check Results for Package likelihoodAsy

Last updated on 2025-11-24 05:50:28 CET.

Flavor Version Tinstall Tcheck Ttotal Status Flags
r-devel-linux-x86_64-debian-clang 0.51 7.08 138.00 145.08 NOTE
r-devel-linux-x86_64-debian-gcc 0.51 6.76 91.20 97.96 NOTE
r-devel-linux-x86_64-fedora-clang 0.51 17.00 222.06 239.06 OK
r-devel-linux-x86_64-fedora-gcc 0.51 16.00 223.14 239.14 OK
r-devel-windows-x86_64 0.51 10.00 152.00 162.00 OK
r-patched-linux-x86_64 0.51 7.94 130.77 138.71 OK
r-release-linux-x86_64 0.51 8.25 129.86 138.11 OK
r-release-macos-arm64 0.51 OK
r-release-macos-x86_64 0.51 6.00 134.00 140.00 OK
r-release-windows-x86_64 0.51 10.00 146.00 156.00 OK
r-oldrel-macos-arm64 0.51 OK
r-oldrel-macos-x86_64 0.51 7.00 143.00 150.00 OK
r-oldrel-windows-x86_64 0.51 14.00 183.00 197.00 OK

Check Details

Version: 0.51
Check: CRAN incoming feasibility
Result: NOTE Maintainer: ‘Ruggero Bellio <ruggero.bellio@uniud.it>’ No Authors@R field in DESCRIPTION. Please add one, modifying Authors@R: c(person(given = "Ruggero", family = "Bellio", role = c("aut", "cre"), email = "ruggero.bellio@uniud.it"), person(given = "Donald", family = "Pierce", role = "aut")) as necessary. Flavors: r-devel-linux-x86_64-debian-clang, r-devel-linux-x86_64-debian-gcc

mirror server hosted at Truenetwork, Russian Federation.