Last updated on 2024-06-26 18:58:43 CEST.
Flavor | Version | Tinstall | Tcheck | Ttotal | Status | Flags |
---|---|---|---|---|---|---|
r-devel-linux-x86_64-debian-clang | 1.3.5 | OK | ||||
r-devel-linux-x86_64-debian-gcc | 1.3.5 | 5.60 | 58.17 | 63.77 | OK | |
r-devel-linux-x86_64-fedora-clang | 1.3.5 | 107.98 | NOTE | |||
r-devel-linux-x86_64-fedora-gcc | 1.3.5 | 114.04 | NOTE | |||
r-devel-windows-x86_64 | 1.3.5 | 9.00 | 86.00 | 95.00 | OK | |
r-patched-linux-x86_64 | 1.3.5 | 13.78 | 75.04 | 88.82 | OK | |
r-release-linux-x86_64 | 1.3.5 | 7.79 | 75.53 | 83.32 | OK | |
r-release-macos-arm64 | 1.3.5 | 39.00 | OK | |||
r-release-macos-x86_64 | 1.3.5 | 59.00 | OK | |||
r-release-windows-x86_64 | 1.3.5 | 9.00 | 88.00 | 97.00 | OK | |
r-oldrel-macos-arm64 | 1.3.5 | 44.00 | OK | |||
r-oldrel-macos-x86_64 | 1.3.5 | 65.00 | OK | |||
r-oldrel-windows-x86_64 | 1.3.5 | 10.00 | 94.00 | 104.00 | OK |
Version: 1.3.5
Check: data for non-ASCII characters
Result: NOTE
Note: found 7 marked UTF-8 strings
Flavors: r-devel-linux-x86_64-fedora-clang, r-devel-linux-x86_64-fedora-gcc