Last updated on 2025-11-03 05:50:45 CET.
| Flavor | Version | Tinstall | Tcheck | Ttotal | Status | Flags |
|---|---|---|---|---|---|---|
| r-devel-linux-x86_64-debian-clang | 0.1.0 | 3.27 | 167.37 | 170.64 | OK | |
| r-devel-linux-x86_64-debian-gcc | 0.1.0 | 2.29 | 115.37 | 117.66 | OK | |
| r-devel-linux-x86_64-fedora-clang | 0.1.0 | 20.00 | 253.41 | 273.41 | OK | |
| r-devel-linux-x86_64-fedora-gcc | 0.1.0 | 23.00 | 269.94 | 292.94 | OK | |
| r-devel-windows-x86_64 | 0.1.0 | 6.00 | 156.00 | 162.00 | OK | |
| r-patched-linux-x86_64 | 0.1.0 | 0.34 | 1.93 | 2.27 | ERROR | |
| r-release-linux-x86_64 | 0.1.0 | 3.56 | 157.64 | 161.20 | OK | |
| r-release-macos-arm64 | 0.1.0 | 3.00 | 116.00 | 119.00 | OK | |
| r-release-macos-x86_64 | 0.1.0 | 3.00 | 177.00 | 180.00 | OK | |
| r-release-windows-x86_64 | 0.1.0 | 6.00 | 151.00 | 157.00 | OK | |
| r-oldrel-macos-arm64 | 0.1.0 | 1.00 | 66.00 | 67.00 | OK | |
| r-oldrel-macos-x86_64 | 0.1.0 | 2.00 | 115.00 | 117.00 | OK | |
| r-oldrel-windows-x86_64 | 0.1.0 | 8.00 | 206.00 | 214.00 | OK |
Version: 0.1.0
Check: package dependencies
Result: ERROR
Package required but not available: ‘DESeq2’
See section ‘The DESCRIPTION file’ in the ‘Writing R Extensions’
manual.
Flavor: r-patched-linux-x86_64