CRAN Package Check Results for Package lincom

Last updated on 2025-11-22 17:49:33 CET.

Flavor Version Tinstall Tcheck Ttotal Status Flags
r-devel-linux-x86_64-debian-clang 1.2 3.44 30.24 33.68 NOTE
r-devel-linux-x86_64-debian-gcc 1.2 2.43 24.44 26.87 NOTE
r-devel-linux-x86_64-fedora-clang 1.2 50.32 OK
r-devel-linux-x86_64-fedora-gcc 1.2 61.84 OK
r-devel-windows-x86_64 1.2 7.00 47.00 54.00 OK
r-patched-linux-x86_64 1.2 2.75 29.16 31.91 OK
r-release-linux-x86_64 1.2 2.80 28.94 31.74 OK
r-release-macos-arm64 1.2 OK
r-release-macos-x86_64 1.2 5.00 40.00 45.00 OK
r-release-windows-x86_64 1.2 6.00 46.00 52.00 OK
r-oldrel-macos-arm64 1.2 OK
r-oldrel-macos-x86_64 1.2 8.00 85.00 93.00 OK
r-oldrel-windows-x86_64 1.2 7.00 55.00 62.00 OK

Check Details

Version: 1.2
Check: CRAN incoming feasibility
Result: NOTE Maintainer: ‘Yijian Huang <yhuang5@emory.edu>’ No Authors@R field in DESCRIPTION. Please add one, modifying Authors@R: person(given = "Yijian", family = "Huang", role = c("aut", "cre"), email = "yhuang5@emory.edu") as necessary. Flavors: r-devel-linux-x86_64-debian-clang, r-devel-linux-x86_64-debian-gcc

mirror server hosted at Truenetwork, Russian Federation.