CRAN Package Check Results for Package liqueueR

Last updated on 2025-11-24 17:50:03 CET.

Flavor Version Tinstall Tcheck Ttotal Status Flags
r-devel-linux-x86_64-debian-clang 0.0.1 2.14 23.97 26.11 OK
r-devel-linux-x86_64-debian-gcc 0.0.1 1.77 20.26 22.03 OK
r-devel-linux-x86_64-fedora-clang 0.0.1 39.42 OK
r-devel-linux-x86_64-fedora-gcc 0.0.1 36.69 OK
r-devel-windows-x86_64 0.0.1 4.00 47.00 51.00 OK
r-patched-linux-x86_64 0.0.1 1.93 22.87 24.80 OK
r-release-linux-x86_64 0.0.1 2.05 22.56 24.61 OK
r-release-macos-arm64 0.0.1 OK
r-release-macos-x86_64 0.0.1 2.00 29.00 31.00 OK
r-release-windows-x86_64 0.0.1 3.00 46.00 49.00 OK
r-oldrel-macos-arm64 0.0.1 NOTE
r-oldrel-macos-x86_64 0.0.1 3.00 31.00 34.00 NOTE
r-oldrel-windows-x86_64 0.0.1 4.00 50.00 54.00 NOTE

Check Details

Version: 0.0.1
Check: LazyData
Result: NOTE 'LazyData' is specified without a 'data' directory Flavors: r-oldrel-macos-arm64, r-oldrel-macos-x86_64, r-oldrel-windows-x86_64

mirror server hosted at Truenetwork, Russian Federation.