Last updated on 2024-06-26 18:58:43 CEST.
Flavor | Version | Tinstall | Tcheck | Ttotal | Status | Flags |
---|---|---|---|---|---|---|
r-devel-linux-x86_64-debian-clang | 1.0.0 | NOTE | ||||
r-devel-linux-x86_64-debian-gcc | 1.0.0 | 7.61 | 62.33 | 69.94 | NOTE | |
r-devel-linux-x86_64-fedora-clang | 1.0.0 | 122.22 | NOTE | |||
r-devel-linux-x86_64-fedora-gcc | 1.0.0 | 125.95 | NOTE | |||
r-devel-windows-x86_64 | 1.0.0 | 9.00 | 86.00 | 95.00 | NOTE | |
r-patched-linux-x86_64 | 1.0.0 | 15.36 | 80.28 | 95.64 | NOTE | |
r-release-linux-x86_64 | 1.0.0 | 6.51 | 79.89 | 86.40 | NOTE | |
r-release-macos-arm64 | 1.0.0 | 53.00 | NOTE | |||
r-release-macos-x86_64 | 1.0.0 | 113.00 | NOTE | |||
r-release-windows-x86_64 | 1.0.0 | 10.00 | 87.00 | 97.00 | NOTE | |
r-oldrel-macos-arm64 | 1.0.0 | 42.00 | OK | |||
r-oldrel-macos-x86_64 | 1.0.0 | 59.00 | OK | |||
r-oldrel-windows-x86_64 | 1.0.0 | 13.00 | 96.00 | 109.00 | OK |
Version: 1.0.0
Check: Rd files
Result: NOTE
checkRd: (-1) is_natural_number.Rd:17: Lost braces; missing escapes or markup?
17 | Test for natural numbers according to ISO 80000-2, that is the set {0, 1, 2, ...}
| ^
Flavors: r-devel-linux-x86_64-debian-clang, r-devel-linux-x86_64-debian-gcc, r-devel-linux-x86_64-fedora-clang, r-devel-linux-x86_64-fedora-gcc, r-devel-windows-x86_64, r-patched-linux-x86_64, r-release-linux-x86_64, r-release-macos-arm64, r-release-macos-x86_64, r-release-windows-x86_64