Last updated on 2025-05-28 12:49:37 CEST.
Flavor | Version | Tinstall | Tcheck | Ttotal | Status | Flags |
---|---|---|---|---|---|---|
r-devel-linux-x86_64-debian-clang | 1.5.13 | 11.83 | 146.35 | 158.18 | OK | |
r-devel-linux-x86_64-debian-gcc | 1.5.13 | 8.80 | 100.31 | 109.11 | OK | |
r-devel-linux-x86_64-fedora-clang | 1.5.13 | 249.66 | NOTE | |||
r-devel-linux-x86_64-fedora-gcc | 1.5.13 | 244.26 | NOTE | |||
r-devel-windows-x86_64 | 1.5.13 | 12.00 | 148.00 | 160.00 | OK | |
r-patched-linux-x86_64 | 1.5.13 | 11.89 | 139.37 | 151.26 | OK | |
r-release-linux-x86_64 | 1.5.13 | 10.80 | 137.85 | 148.65 | OK | |
r-release-macos-arm64 | 1.5.13 | 70.00 | OK | |||
r-release-macos-x86_64 | 1.5.13 | 130.00 | OK | |||
r-release-windows-x86_64 | 1.5.13 | 14.00 | 150.00 | 164.00 | OK | |
r-oldrel-macos-arm64 | 1.5.13 | 74.00 | OK | |||
r-oldrel-macos-x86_64 | 1.5.13 | 103.00 | OK | |||
r-oldrel-windows-x86_64 | 1.5.13 | 18.00 | 185.00 | 203.00 | OK |
Version: 1.5.13
Check: dependencies in R code
Result: NOTE
Namespace in Imports field not imported from: ‘e1071’
All declared Imports should be used.
Flavors: r-devel-linux-x86_64-fedora-clang, r-devel-linux-x86_64-fedora-gcc