Last updated on 2025-11-03 11:49:45 CET.
| Flavor | Version | Tinstall | Tcheck | Ttotal | Status | Flags |
|---|---|---|---|---|---|---|
| r-devel-linux-x86_64-debian-clang | 0.1.4 | 2.93 | 28.79 | 31.72 | NOTE | |
| r-devel-linux-x86_64-debian-gcc | 0.1.4 | 2.17 | 22.21 | 24.38 | NOTE | |
| r-devel-linux-x86_64-fedora-clang | 0.1.4 | 46.88 | OK | |||
| r-devel-linux-x86_64-fedora-gcc | 0.1.4 | 43.98 | OK | |||
| r-devel-windows-x86_64 | 0.1.4 | 5.00 | 53.00 | 58.00 | OK | |
| r-patched-linux-x86_64 | 0.1.4 | 2.59 | 27.21 | 29.80 | OK | |
| r-release-linux-x86_64 | 0.1.4 | 2.79 | 27.19 | 29.98 | OK | |
| r-release-macos-arm64 | 0.1.4 | 2.00 | 19.00 | 21.00 | OK | |
| r-release-macos-x86_64 | 0.1.4 | 4.00 | 46.00 | 50.00 | OK | |
| r-release-windows-x86_64 | 0.1.4 | 4.00 | 51.00 | 55.00 | OK | |
| r-oldrel-macos-arm64 | 0.1.4 | 2.00 | 18.00 | 20.00 | OK | |
| r-oldrel-macos-x86_64 | 0.1.4 | 4.00 | 39.00 | 43.00 | OK | |
| r-oldrel-windows-x86_64 | 0.1.4 | 5.00 | 55.00 | 60.00 | OK |
Version: 0.1.4
Check: CRAN incoming feasibility
Result: NOTE
Maintainer: ‘Marvin N. Wright <marv@wrig.de>’
No Authors@R field in DESCRIPTION.
Please add one, modifying
Authors@R: person(given = c("Marvin", "N."),
family = "Wright",
role = c("aut", "cre"),
email = "marv@wrig.de")
as necessary.
Flavors: r-devel-linux-x86_64-debian-clang, r-devel-linux-x86_64-debian-gcc