CRAN Package Check Results for Package lmtest

Last updated on 2025-07-13 00:48:30 CEST.

Flavor Version Tinstall Tcheck Ttotal Status Flags
r-devel-linux-x86_64-debian-clang 0.9-40 4.64 45.09 49.73 NOTE
r-devel-linux-x86_64-debian-gcc 0.9-40 3.35 34.33 37.68 NOTE
r-devel-linux-x86_64-fedora-clang 0.9-40 77.13 OK
r-devel-linux-x86_64-fedora-gcc 0.9-40 86.24 OK
r-devel-windows-x86_64 0.9-40 9.00 90.00 99.00 OK
r-patched-linux-x86_64 0.9-40 5.83 43.12 48.95 OK
r-release-linux-x86_64 0.9-40 4.04 42.25 46.29 OK
r-release-macos-arm64 0.9-40 39.00 OK
r-release-macos-x86_64 0.9-40 86.00 OK
r-release-windows-x86_64 0.9-40 9.00 97.00 106.00 OK
r-oldrel-macos-arm64 0.9-40 39.00 OK
r-oldrel-macos-x86_64 0.9-40 66.00 OK
r-oldrel-windows-x86_64 0.9-40 10.00 94.00 104.00 OK

Check Details

Version: 0.9-40
Check: CRAN incoming feasibility
Result: NOTE Maintainer: ‘Achim Zeileis <Achim.Zeileis@R-project.org>’ Package CITATION file contains call(s) to old-style personList() or as.personList(). Please use c() on person objects instead. Package CITATION file contains call(s) to old-style citEntry(). Please use bibentry() instead. Flavors: r-devel-linux-x86_64-debian-clang, r-devel-linux-x86_64-debian-gcc

mirror server hosted at Truenetwork, Russian Federation.