Last updated on 2025-02-22 17:49:48 CET.
Flavor | Version | Tinstall | Tcheck | Ttotal | Status | Flags |
---|---|---|---|---|---|---|
r-devel-linux-x86_64-debian-clang | 0.8.0 | 3.35 | 26.90 | 30.25 | NOTE | |
r-devel-linux-x86_64-debian-gcc | 0.8.0 | 2.82 | 19.71 | 22.53 | NOTE | |
r-devel-linux-x86_64-fedora-clang | 0.8.0 | 49.36 | OK | |||
r-devel-linux-x86_64-fedora-gcc | 0.8.0 | 47.50 | OK | |||
r-devel-macos-arm64 | 0.8.0 | 19.00 | OK | |||
r-devel-macos-x86_64 | 0.8.0 | 34.00 | OK | |||
r-devel-windows-x86_64 | 0.8.0 | 7.00 | 54.00 | 61.00 | NOTE | |
r-patched-linux-x86_64 | 0.8.0 | 3.90 | 25.41 | 29.31 | OK | |
r-release-linux-x86_64 | 0.8.0 | 3.47 | 25.65 | 29.12 | OK | |
r-release-macos-arm64 | 0.8.0 | 27.00 | OK | |||
r-release-macos-x86_64 | 0.8.0 | 34.00 | OK | |||
r-release-windows-x86_64 | 0.8.0 | 6.00 | 53.00 | 59.00 | OK | |
r-oldrel-macos-arm64 | 0.8.0 | 23.00 | OK | |||
r-oldrel-macos-x86_64 | 0.8.0 | 29.00 | OK | |||
r-oldrel-windows-x86_64 | 0.8.0 | 9.00 | 55.00 | 64.00 | OK |
Version: 0.8.0
Check: Rd cross-references
Result: NOTE
Found the following Rd file(s) with Rd \link{} targets missing package
anchors:
PRDenEstC.Rd: bkde, dpik
locpol.Rd: locpoly
locpolSmoothers.Rd: locpoly
Please provide package anchors for all Rd \link{} targets not in the
package itself and the base packages.
Flavors: r-devel-linux-x86_64-debian-clang, r-devel-linux-x86_64-debian-gcc, r-devel-windows-x86_64