CRAN Package Check Results for Package lodi

Last updated on 2025-11-03 11:49:45 CET.

Flavor Version Tinstall Tcheck Ttotal Status Flags
r-devel-linux-x86_64-debian-clang 0.9.2 2.10 27.06 29.16 NOTE
r-devel-linux-x86_64-debian-gcc 0.9.2 1.54 22.27 23.81 NOTE
r-devel-linux-x86_64-fedora-clang 0.9.2 45.02 OK
r-devel-linux-x86_64-fedora-gcc 0.9.2 57.62 OK
r-devel-windows-x86_64 0.9.2 3.00 53.00 56.00 OK
r-patched-linux-x86_64 0.9.2 2.01 25.60 27.61 OK
r-release-linux-x86_64 0.9.2 1.92 25.67 27.59 OK
r-release-macos-arm64 0.9.2 1.00 27.00 28.00 OK
r-release-macos-x86_64 0.9.2 2.00 42.00 44.00 OK
r-release-windows-x86_64 0.9.2 4.00 45.00 49.00 OK
r-oldrel-macos-arm64 0.9.2 1.00 23.00 24.00 OK
r-oldrel-macos-x86_64 0.9.2 2.00 33.00 35.00 OK
r-oldrel-windows-x86_64 0.9.2 3.00 54.00 57.00 OK

Check Details

Version: 0.9.2
Check: CRAN incoming feasibility
Result: NOTE Maintainer: ‘Alexander Rix <alexrix@umich.edu>’ Found the following URLs which should use \doi (with the DOI name only): File ‘clmi.Rd’: https://doi.org/10.1097/EDE.0000000000001052 Flavors: r-devel-linux-x86_64-debian-clang, r-devel-linux-x86_64-debian-gcc

mirror server hosted at Truenetwork, Russian Federation.