Last updated on 2025-11-02 17:49:43 CET.
| Flavor | Version | Tinstall | Tcheck | Ttotal | Status | Flags |
|---|---|---|---|---|---|---|
| r-devel-linux-x86_64-debian-clang | 0.2.15 | 472.68 | 262.92 | 735.60 | OK | |
| r-devel-linux-x86_64-debian-gcc | 0.2.15 | 299.45 | 172.36 | 471.81 | OK | |
| r-devel-linux-x86_64-fedora-clang | 0.2.15 | 311.00 | 726.19 | 1037.19 | OK | |
| r-devel-linux-x86_64-fedora-gcc | 0.2.15 | 321.00 | 830.51 | 1151.51 | OK | |
| r-devel-windows-x86_64 | 0.2.15 | 298.00 | 391.00 | 689.00 | OK | |
| r-patched-linux-x86_64 | 0.2.15 | 384.68 | 251.26 | 635.94 | OK | |
| r-release-linux-x86_64 | 0.2.15 | 375.46 | 249.73 | 625.19 | OK | |
| r-release-macos-arm64 | 0.2.15 | 174.00 | 103.00 | 277.00 | OK | |
| r-release-macos-x86_64 | 0.2.15 | 116.00 | 201.00 | 317.00 | OK | |
| r-release-windows-x86_64 | 0.2.15 | 300.00 | 394.00 | 694.00 | OK | |
| r-oldrel-macos-arm64 | 0.2.15 | 162.00 | 108.00 | 270.00 | NOTE | |
| r-oldrel-macos-x86_64 | 0.2.15 | 113.00 | 198.00 | 311.00 | NOTE | |
| r-oldrel-windows-x86_64 | 0.2.15 | 374.00 | 450.00 | 824.00 | NOTE |
Version: 0.2.15
Check: installed package size
Result: NOTE
installed size is 93.6Mb
sub-directories of 1Mb or more:
help 1.1Mb
libs 91.2Mb
Flavors: r-oldrel-macos-arm64, r-oldrel-macos-x86_64, r-oldrel-windows-x86_64