Last updated on 2025-11-03 05:50:46 CET.
| Flavor | Version | Tinstall | Tcheck | Ttotal | Status | Flags |
|---|---|---|---|---|---|---|
| r-devel-linux-x86_64-debian-clang | 0.5.2 | 4.03 | 35.92 | 39.95 | NOTE | |
| r-devel-linux-x86_64-debian-gcc | 0.5.2 | 2.56 | 26.76 | 29.32 | NOTE | |
| r-devel-linux-x86_64-fedora-clang | 0.5.2 | 58.13 | OK | |||
| r-devel-linux-x86_64-fedora-gcc | 0.5.2 | 55.32 | OK | |||
| r-devel-windows-x86_64 | 0.5.2 | 6.00 | 77.00 | 83.00 | OK | |
| r-patched-linux-x86_64 | 0.5.2 | 4.00 | 33.46 | 37.46 | OK | |
| r-release-linux-x86_64 | 0.5.2 | 3.75 | 33.20 | 36.95 | OK | |
| r-release-macos-arm64 | 0.5.2 | 2.00 | 19.00 | 21.00 | OK | |
| r-release-macos-x86_64 | 0.5.2 | 6.00 | 42.00 | 48.00 | OK | |
| r-release-windows-x86_64 | 0.5.2 | 7.00 | 76.00 | 83.00 | OK | |
| r-oldrel-macos-arm64 | 0.5.2 | 2.00 | 23.00 | 25.00 | OK | |
| r-oldrel-macos-x86_64 | 0.5.2 | 3.00 | 27.00 | 30.00 | OK | |
| r-oldrel-windows-x86_64 | 0.5.2 | 6.00 | 65.00 | 71.00 | OK |
Version: 0.5.2
Check: CRAN incoming feasibility
Result: NOTE
Maintainer: ‘Danielle Navarro <djnavarro@protonmail.com>’
Package CITATION file contains call(s) to old-style citEntry(). Please
use bibentry() instead.
Flavors: r-devel-linux-x86_64-debian-clang, r-devel-linux-x86_64-debian-gcc