Last updated on 2024-06-29 12:48:20 CEST.
Flavor | Version | Tinstall | Tcheck | Ttotal | Status | Flags |
---|---|---|---|---|---|---|
r-devel-linux-x86_64-debian-clang | 1.0.2 | 36.50 | 80.34 | 116.84 | NOTE | |
r-devel-linux-x86_64-debian-gcc | 1.0.2 | 24.73 | 60.54 | 85.27 | NOTE | |
r-devel-linux-x86_64-fedora-clang | 1.0.2 | 161.91 | NOTE | |||
r-devel-linux-x86_64-fedora-gcc | 1.0.2 | 160.44 | NOTE | |||
r-devel-windows-x86_64 | 1.0.2 | 31.00 | 115.00 | 146.00 | NOTE | |
r-patched-linux-x86_64 | 1.0.2 | 33.12 | 75.92 | 109.04 | NOTE | |
r-release-linux-x86_64 | 1.0.2 | 21.31 | 77.67 | 98.98 | NOTE | |
r-release-macos-arm64 | 1.0.2 | 48.00 | NOTE | |||
r-release-macos-x86_64 | 1.0.2 | 66.00 | NOTE | |||
r-release-windows-x86_64 | 1.0.2 | 31.00 | 104.00 | 135.00 | NOTE | |
r-oldrel-macos-arm64 | 1.0.2 | 50.00 | NOTE | |||
r-oldrel-macos-x86_64 | 1.0.2 | 79.00 | NOTE | |||
r-oldrel-windows-x86_64 | 1.0.2 | 39.00 | 117.00 | 156.00 | NOTE |
Version: 1.0.2
Check: LazyData
Result: NOTE
'LazyData' is specified without a 'data' directory
Flavors: r-devel-linux-x86_64-debian-clang, r-devel-linux-x86_64-debian-gcc, r-devel-linux-x86_64-fedora-clang, r-devel-linux-x86_64-fedora-gcc, r-devel-windows-x86_64, r-patched-linux-x86_64, r-release-linux-x86_64, r-release-macos-arm64, r-release-macos-x86_64, r-release-windows-x86_64, r-oldrel-macos-arm64, r-oldrel-macos-x86_64, r-oldrel-windows-x86_64