CRAN Package Check Results for Package mFilter

Last updated on 2025-11-03 11:49:46 CET.

Flavor Version Tinstall Tcheck Ttotal Status Flags
r-devel-linux-x86_64-debian-clang 0.1-5 2.66 32.39 35.05 NOTE
r-devel-linux-x86_64-debian-gcc 0.1-5 2.01 23.85 25.86 NOTE
r-devel-linux-x86_64-fedora-clang 0.1-5 49.84 OK
r-devel-linux-x86_64-fedora-gcc 0.1-5 47.44 OK
r-devel-windows-x86_64 0.1-5 3.00 59.00 62.00 OK
r-patched-linux-x86_64 0.1-5 2.89 29.58 32.47 OK
r-release-linux-x86_64 0.1-5 2.66 30.09 32.75 OK
r-release-macos-arm64 0.1-5 2.00 18.00 20.00 OK
r-release-macos-x86_64 0.1-5 2.00 29.00 31.00 OK
r-release-windows-x86_64 0.1-5 7.00 60.00 67.00 OK
r-oldrel-macos-arm64 0.1-5 2.00 23.00 25.00 OK
r-oldrel-macos-x86_64 0.1-5 2.00 27.00 29.00 OK
r-oldrel-windows-x86_64 0.1-5 5.00 58.00 63.00 OK

Check Details

Version: 0.1-5
Check: CRAN incoming feasibility
Result: NOTE Maintainer: ‘Mehmet Balcilar <mehmet@mbalcilar.net>’ No Authors@R field in DESCRIPTION. Please add one, modifying Authors@R: person(given = "Mehmet", family = "Balcilar", role = c("aut", "cre"), email = "mehmet@mbalcilar.net") as necessary. Flavors: r-devel-linux-x86_64-debian-clang, r-devel-linux-x86_64-debian-gcc

mirror server hosted at Truenetwork, Russian Federation.