Last updated on 2025-05-09 18:50:18 CEST.
Flavor | Version | Tinstall | Tcheck | Ttotal | Status | Flags |
---|---|---|---|---|---|---|
r-devel-linux-x86_64-debian-clang | 0.4.0 | 36.79 | 309.98 | 346.77 | OK | |
r-devel-linux-x86_64-debian-gcc | 0.4.0 | 25.13 | 202.84 | 227.97 | OK | |
r-devel-linux-x86_64-fedora-clang | 0.4.0 | 552.66 | OK | |||
r-devel-linux-x86_64-fedora-gcc | 0.4.0 | 568.23 | OK | |||
r-devel-windows-x86_64 | 0.4.0 | 35.00 | 247.00 | 282.00 | OK | |
r-patched-linux-x86_64 | 0.4.0 | 37.20 | 291.00 | 328.20 | OK | |
r-release-linux-x86_64 | 0.4.0 | 34.71 | 288.44 | 323.15 | OK | |
r-release-macos-arm64 | 0.4.0 | 118.00 | OK | |||
r-release-macos-x86_64 | 0.4.0 | 277.00 | OK | |||
r-release-windows-x86_64 | 0.4.0 | 38.00 | 250.00 | 288.00 | OK | |
r-oldrel-macos-arm64 | 0.4.0 | 111.00 | NOTE | |||
r-oldrel-macos-x86_64 | 0.4.0 | 210.00 | NOTE | |||
r-oldrel-windows-x86_64 | 0.4.0 | 49.00 | 336.00 | 385.00 | NOTE |
Version: 0.4.0
Check: package dependencies
Result: NOTE
Package suggested but not available for checking: ‘rnaturalearthhires’
Flavors: r-oldrel-macos-arm64, r-oldrel-macos-x86_64, r-oldrel-windows-x86_64