CRAN Package Check Results for Package macrocol

Last updated on 2025-11-24 11:50:11 CET.

Flavor Version Tinstall Tcheck Ttotal Status Flags
r-devel-linux-x86_64-debian-clang 0.1.0 1.76 19.90 21.66 OK
r-devel-linux-x86_64-debian-gcc 0.1.0 1.54 16.00 17.54 OK
r-devel-linux-x86_64-fedora-clang 0.1.0 31.79 NOTE
r-devel-linux-x86_64-fedora-gcc 0.1.0 30.37 NOTE
r-devel-windows-x86_64 0.1.0 6.00 41.00 47.00 OK
r-patched-linux-x86_64 0.1.0 1.71 18.74 20.45 OK
r-release-linux-x86_64 0.1.0 1.77 18.51 20.28 OK
r-release-macos-arm64 0.1.0 OK
r-release-macos-x86_64 0.1.0 2.00 21.00 23.00 OK
r-release-windows-x86_64 0.1.0 3.00 38.00 41.00 OK
r-oldrel-macos-arm64 0.1.0 OK
r-oldrel-macos-x86_64 0.1.0 2.00 18.00 20.00 OK
r-oldrel-windows-x86_64 0.1.0 4.00 43.00 47.00 OK

Check Details

Version: 0.1.0
Check: dependencies in R code
Result: NOTE Namespace in Imports field not imported from: ‘R.utils’ All declared Imports should be used. Flavors: r-devel-linux-x86_64-fedora-clang, r-devel-linux-x86_64-fedora-gcc

mirror server hosted at Truenetwork, Russian Federation.