CRAN Package Check Results for Package malani

Last updated on 2025-07-13 00:48:31 CEST.

Flavor Version Tinstall Tcheck Ttotal Status Flags
r-devel-linux-x86_64-debian-clang 1.0 1.88 27.96 29.84 NOTE
r-devel-linux-x86_64-debian-gcc 1.0 1.37 21.08 22.45 NOTE
r-devel-linux-x86_64-fedora-clang 1.0 47.70 OK
r-devel-linux-x86_64-fedora-gcc 1.0 44.00 OK
r-devel-windows-x86_64 1.0 3.00 47.00 50.00 OK
r-patched-linux-x86_64 1.0 1.36 26.40 27.76 OK
r-release-linux-x86_64 1.0 1.68 26.16 27.84 OK
r-release-macos-arm64 1.0 27.00 OK
r-release-macos-x86_64 1.0 29.00 OK
r-release-windows-x86_64 1.0 3.00 52.00 55.00 OK
r-oldrel-macos-arm64 1.0 20.00 OK
r-oldrel-macos-x86_64 1.0 26.00 OK
r-oldrel-windows-x86_64 1.0 4.00 54.00 58.00 OK

Check Details

Version: 1.0
Check: CRAN incoming feasibility
Result: NOTE Maintainer: ‘Mehrab Ghanat Bari <m.ghanatbari@gmail.com>’ No Authors@R field in DESCRIPTION. Please add one, modifying Authors@R: person(given = c("Mehrab", "Ghanat"), family = "Bari", role = c("aut", "cre"), email = "m.ghanatbari@gmail.com") as necessary. Flavors: r-devel-linux-x86_64-debian-clang, r-devel-linux-x86_64-debian-gcc

mirror server hosted at Truenetwork, Russian Federation.