Last updated on 2025-02-22 11:51:31 CET.
Flavor | Version | Tinstall | Tcheck | Ttotal | Status | Flags |
---|---|---|---|---|---|---|
r-devel-linux-x86_64-debian-clang | 1.4-8 | 2.73 | 25.45 | 28.18 | NOTE | |
r-devel-linux-x86_64-debian-gcc | 1.4-8 | 1.81 | 19.47 | 21.28 | NOTE | |
r-devel-linux-x86_64-fedora-clang | 1.4-8 | 44.59 | OK | |||
r-devel-linux-x86_64-fedora-gcc | 1.4-8 | 45.69 | OK | |||
r-devel-macos-arm64 | 1.4-8 | 18.00 | OK | |||
r-devel-macos-x86_64 | 1.4-8 | 29.00 | OK | |||
r-devel-windows-x86_64 | 1.4-8 | 5.00 | 56.00 | 61.00 | NOTE | |
r-patched-linux-x86_64 | 1.4-8 | 3.15 | 24.54 | 27.69 | OK | |
r-release-linux-x86_64 | 1.4-8 | 2.38 | 24.39 | 26.77 | OK | |
r-release-macos-arm64 | 1.4-8 | 22.00 | OK | |||
r-release-macos-x86_64 | 1.4-8 | 25.00 | OK | |||
r-release-windows-x86_64 | 1.4-8 | 4.00 | 49.00 | 53.00 | OK | |
r-oldrel-macos-arm64 | 1.4-8 | 18.00 | OK | |||
r-oldrel-macos-x86_64 | 1.4-8 | 24.00 | OK | |||
r-oldrel-windows-x86_64 | 1.4-8 | 5.00 | 51.00 | 56.00 | OK |
Version: 1.4-8
Check: Rd cross-references
Result: NOTE
Found the following Rd file(s) with Rd \link{} targets missing package
anchors:
clip.rpart.Rd: rpart, prune.rpart
draw.clust.Rd: pltree
Please provide package anchors for all Rd \link{} targets not in the
package itself and the base packages.
Flavors: r-devel-linux-x86_64-debian-clang, r-devel-linux-x86_64-debian-gcc, r-devel-windows-x86_64