Last updated on 2025-11-02 05:49:44 CET.
| Flavor | Version | Tinstall | Tcheck | Ttotal | Status | Flags |
|---|---|---|---|---|---|---|
| r-devel-linux-x86_64-debian-clang | 0.1.5.2 | 53.77 | 90.74 | 144.51 | NOTE | |
| r-devel-linux-x86_64-debian-gcc | 0.1.5.2 | 44.61 | 73.59 | 118.20 | NOTE | |
| r-devel-linux-x86_64-fedora-clang | 0.1.5.2 | 86.00 | 143.43 | 229.43 | OK | |
| r-devel-linux-x86_64-fedora-gcc | 0.1.5.2 | 108.00 | 129.08 | 237.08 | OK | |
| r-devel-windows-x86_64 | 0.1.5.2 | 56.00 | 118.00 | 174.00 | OK | |
| r-patched-linux-x86_64 | 0.1.5.2 | 59.01 | 91.47 | 150.48 | OK | |
| r-release-linux-x86_64 | 0.1.5.2 | 56.74 | 92.19 | 148.93 | OK | |
| r-release-macos-arm64 | 0.1.5.2 | 22.00 | 39.00 | 61.00 | OK | |
| r-release-macos-x86_64 | 0.1.5.2 | 36.00 | 73.00 | 109.00 | OK | |
| r-release-windows-x86_64 | 0.1.5.2 | 57.00 | 112.00 | 169.00 | OK | |
| r-oldrel-macos-arm64 | 0.1.5.2 | 20.00 | 36.00 | 56.00 | NOTE | |
| r-oldrel-macos-x86_64 | 0.1.5.2 | 45.00 | 66.00 | 111.00 | NOTE | |
| r-oldrel-windows-x86_64 | 0.1.5.2 | 69.00 | 148.00 | 217.00 | OK |
Version: 0.1.5.2
Check: CRAN incoming feasibility
Result: NOTE
Maintainer: ‘Kelly McConville <kmcconville@fas.harvard.edu>’
The Description field contains
(2017) <arXiv:1712.05708>. The variance estimators which approximate
Please refer to arXiv e-prints via their arXiv DOI <doi:10.48550/arXiv.YYMM.NNNNN>.
Flavors: r-devel-linux-x86_64-debian-clang, r-devel-linux-x86_64-debian-gcc
Version: 0.1.5.2
Check: installed package size
Result: NOTE
installed size is 18.9Mb
sub-directories of 1Mb or more:
libs 18.6Mb
Flavors: r-oldrel-macos-arm64, r-oldrel-macos-x86_64