CRAN Package Check Results for Package matpow

Last updated on 2025-07-13 00:48:31 CEST.

Flavor Version Tinstall Tcheck Ttotal Status Flags
r-devel-linux-x86_64-debian-clang 0.1.2 1.76 18.15 19.91 NOTE
r-devel-linux-x86_64-debian-gcc 0.1.2 1.40 14.82 16.22 NOTE
r-devel-linux-x86_64-fedora-clang 0.1.2 30.93 OK
r-devel-linux-x86_64-fedora-gcc 0.1.2 28.64 OK
r-devel-windows-x86_64 0.1.2 2.00 39.00 41.00 OK
r-patched-linux-x86_64 0.1.2 1.81 17.22 19.03 OK
r-release-linux-x86_64 0.1.2 1.56 16.94 18.50 OK
r-release-macos-arm64 0.1.2 17.00 OK
r-release-macos-x86_64 0.1.2 23.00 OK
r-release-windows-x86_64 0.1.2 4.00 42.00 46.00 OK
r-oldrel-macos-arm64 0.1.2 14.00 OK
r-oldrel-macos-x86_64 0.1.2 20.00 OK
r-oldrel-windows-x86_64 0.1.2 3.00 42.00 45.00 OK

Check Details

Version: 0.1.2
Check: CRAN incoming feasibility
Result: NOTE Maintainer: ‘Norm Matloff <normmatloff@gmail.com>’ No Authors@R field in DESCRIPTION. Please add one, modifying Authors@R: c(person(given = "Norm", family = "Matloff", role = c("aut", "cre"), email = "normmatloff@gmail.com"), person(given = "Jack", family = "Norman", role = "aut")) as necessary. Flavors: r-devel-linux-x86_64-debian-clang, r-devel-linux-x86_64-debian-gcc

mirror server hosted at Truenetwork, Russian Federation.