CRAN Package Check Results for Package matrixProfile

Last updated on 2025-11-02 11:50:27 CET.

Flavor Version Tinstall Tcheck Ttotal Status Flags
r-devel-linux-x86_64-debian-clang 0.5.0 2.22 24.78 27.00 NOTE
r-devel-linux-x86_64-debian-gcc 0.5.0 1.73 21.03 22.76 NOTE
r-devel-linux-x86_64-fedora-clang 0.5.0 41.22 OK
r-devel-linux-x86_64-fedora-gcc 0.5.0 39.29 OK
r-devel-windows-x86_64 0.5.0 4.00 44.00 48.00 OK
r-patched-linux-x86_64 0.5.0 2.43 23.98 26.41 OK
r-release-linux-x86_64 0.5.0 2.29 23.65 25.94 OK
r-release-macos-arm64 0.5.0 2.00 19.00 21.00 OK
r-release-macos-x86_64 0.5.0 3.00 31.00 34.00 OK
r-release-windows-x86_64 0.5.0 4.00 43.00 47.00 OK
r-oldrel-macos-arm64 0.5.0 1.00 17.00 18.00 NOTE
r-oldrel-macos-x86_64 0.5.0 2.00 26.00 28.00 NOTE
r-oldrel-windows-x86_64 0.5.0 4.00 49.00 53.00 NOTE

Check Details

Version: 0.5.0
Check: CRAN incoming feasibility
Result: NOTE Maintainer: ‘Donghwan Kim <donhkim9714@korea.ac.kr>’ No Authors@R field in DESCRIPTION. Please add one, modifying Authors@R: person(given = "Donghwan", family = "Kim", role = c("aut", "cre"), email = "donhkim9714@korea.ac.kr") as necessary. Flavors: r-devel-linux-x86_64-debian-clang, r-devel-linux-x86_64-debian-gcc

Version: 0.5.0
Check: LazyData
Result: NOTE 'LazyData' is specified without a 'data' directory Flavors: r-oldrel-macos-arm64, r-oldrel-macos-x86_64, r-oldrel-windows-x86_64

mirror server hosted at Truenetwork, Russian Federation.