CRAN Package Check Results for Package mbsts

Last updated on 2025-07-13 00:48:31 CEST.

Flavor Version Tinstall Tcheck Ttotal Status Flags
r-devel-linux-x86_64-debian-clang 3.0 11.38 106.76 118.14 NOTE
r-devel-linux-x86_64-debian-gcc 3.0 8.09 78.42 86.51 NOTE
r-devel-linux-x86_64-fedora-clang 3.0 183.79 OK
r-devel-linux-x86_64-fedora-gcc 3.0 184.73 OK
r-devel-windows-x86_64 3.0 14.00 119.00 133.00 OK
r-patched-linux-x86_64 3.0 12.56 101.19 113.75 OK
r-release-linux-x86_64 3.0 11.32 99.76 111.08 OK
r-release-macos-arm64 3.0 81.00 OK
r-release-macos-x86_64 3.0 109.00 OK
r-release-windows-x86_64 3.0 13.00 115.00 128.00 OK
r-oldrel-macos-arm64 3.0 56.00 OK
r-oldrel-macos-x86_64 3.0 83.00 OK
r-oldrel-windows-x86_64 3.0 17.00 139.00 156.00 OK

Check Details

Version: 3.0
Check: CRAN incoming feasibility
Result: NOTE Maintainer: ‘Ning Ning <patricianing@gmail.com>’ No Authors@R field in DESCRIPTION. Please add one, modifying Authors@R: c(person(given = "Jinwen", family = "Qiu", role = "aut", email = "qjwsnow_ctw@hotmail.com"), person(given = "Ning", family = "Ning", role = c("aut", "cre"), email = "patricianing@gmail.com")) as necessary. Flavors: r-devel-linux-x86_64-debian-clang, r-devel-linux-x86_64-debian-gcc

mirror server hosted at Truenetwork, Russian Federation.