Last updated on 2025-11-24 11:50:11 CET.
| Flavor | Version | Tinstall | Tcheck | Ttotal | Status | Flags |
|---|---|---|---|---|---|---|
| r-devel-linux-x86_64-debian-clang | 0.1.15 | 8.89 | 114.25 | 123.14 | NOTE | |
| r-devel-linux-x86_64-debian-gcc | 0.1.15 | 6.83 | 81.72 | 88.55 | NOTE | |
| r-devel-linux-x86_64-fedora-clang | 0.1.15 | 21.00 | 174.89 | 195.89 | NOTE | |
| r-devel-linux-x86_64-fedora-gcc | 0.1.15 | 20.00 | 164.33 | 184.33 | NOTE | |
| r-devel-windows-x86_64 | 0.1.15 | 14.00 | 109.00 | 123.00 | OK | |
| r-patched-linux-x86_64 | 0.1.15 | 9.60 | 108.50 | 118.10 | OK | |
| r-release-linux-x86_64 | 0.1.15 | 9.98 | 109.25 | 119.23 | OK | |
| r-release-macos-arm64 | 0.1.15 | OK | ||||
| r-release-macos-x86_64 | 0.1.15 | 8.00 | 88.00 | 96.00 | OK | |
| r-release-windows-x86_64 | 0.1.15 | 13.00 | 108.00 | 121.00 | OK | |
| r-oldrel-macos-arm64 | 0.1.15 | OK | ||||
| r-oldrel-macos-x86_64 | 0.1.15 | 7.00 | 71.00 | 78.00 | OK | |
| r-oldrel-windows-x86_64 | 0.1.15 | 17.00 | 141.00 | 158.00 | OK |
Version: 0.1.15
Check: CRAN incoming feasibility
Result: NOTE
Maintainer: ‘Heming Deng<dheming@ruc.edu.cn>’
No Authors@R field in DESCRIPTION.
Please add one, modifying
Authors@R: c(person(given = "Yang",
family = "Li",
role = "aut"),
person(given = "Yichen",
family = "Qin",
role = "aut"),
person(given = "Heming",
family = "Deng",
role = c("aut", "cre"),
email = "dheming@ruc.edu.cn"))
as necessary.
Flavors: r-devel-linux-x86_64-debian-clang, r-devel-linux-x86_64-debian-gcc
Version: 0.1.15
Check: dependencies in R code
Result: NOTE
Namespaces in Imports field not imported from:
‘MASS’ ‘lars’ ‘methods’ ‘parallel’ ‘smoothmest’
All declared Imports should be used.
Flavors: r-devel-linux-x86_64-fedora-clang, r-devel-linux-x86_64-fedora-gcc