CRAN Package Check Results for Package mcga

Last updated on 2025-11-03 11:49:46 CET.

Flavor Version Tinstall Tcheck Ttotal Status Flags
r-devel-linux-x86_64-debian-clang 3.0.7 14.43 47.64 62.07 NOTE
r-devel-linux-x86_64-debian-gcc 3.0.7 10.56 33.94 44.50 NOTE
r-devel-linux-x86_64-fedora-clang 3.0.7 31.00 67.30 98.30 OK
r-devel-linux-x86_64-fedora-gcc 3.0.7 29.00 68.51 97.51 OK
r-devel-windows-x86_64 3.0.7 21.00 80.00 101.00 OK
r-patched-linux-x86_64 3.0.7 15.68 44.88 60.56 OK
r-release-linux-x86_64 3.0.7 15.22 44.37 59.59 OK
r-release-macos-arm64 3.0.7 7.00 26.00 33.00 OK
r-release-macos-x86_64 3.0.7 13.00 65.00 78.00 OK
r-release-windows-x86_64 3.0.7 21.00 80.00 101.00 OK
r-oldrel-macos-arm64 3.0.7 7.00 24.00 31.00 OK
r-oldrel-macos-x86_64 3.0.7 9.00 35.00 44.00 OK
r-oldrel-windows-x86_64 3.0.7 25.00 101.00 126.00 OK

Check Details

Version: 3.0.7
Check: CRAN incoming feasibility
Result: NOTE Maintainer: ‘Mehmet Hakan Satman <mhsatman@istanbul.edu.tr>’ No Authors@R field in DESCRIPTION. Please add one, modifying Authors@R: person(given = c("Mehmet", "Hakan"), family = "Satman", role = c("aut", "cre"), email = "mhsatman@istanbul.edu.tr") as necessary. Flavors: r-devel-linux-x86_64-debian-clang, r-devel-linux-x86_64-debian-gcc

mirror server hosted at Truenetwork, Russian Federation.