CRAN Package Check Results for Package meetupapi

Last updated on 2025-02-22 11:51:34 CET.

Flavor Version Tinstall Tcheck Ttotal Status Flags
r-devel-linux-x86_64-debian-clang 0.1.0 3.68 31.66 35.34 OK
r-devel-linux-x86_64-debian-gcc 0.1.0 2.89 22.63 25.52 OK
r-devel-linux-x86_64-fedora-clang 0.1.0 55.64 OK
r-devel-linux-x86_64-fedora-gcc 0.1.0 57.48 OK
r-devel-macos-arm64 0.1.0 21.00 OK
r-devel-macos-x86_64 0.1.0 34.00 OK
r-devel-windows-x86_64 0.1.0 6.00 50.00 56.00 OK
r-patched-linux-x86_64 0.1.0 3.82 29.60 33.42 NOTE
r-release-linux-x86_64 0.1.0 3.09 29.03 32.12 NOTE
r-release-macos-arm64 0.1.0 20.00 NOTE
r-release-macos-x86_64 0.1.0 29.00 NOTE
r-release-windows-x86_64 0.1.0 5.00 50.00 55.00 NOTE
r-oldrel-macos-arm64 0.1.0 23.00 NOTE
r-oldrel-macos-x86_64 0.1.0 28.00 NOTE
r-oldrel-windows-x86_64 0.1.0 6.00 56.00 62.00 NOTE

Check Details

Version: 0.1.0
Check: LazyData
Result: NOTE 'LazyData' is specified without a 'data' directory Flavors: r-patched-linux-x86_64, r-release-linux-x86_64, r-release-macos-arm64, r-release-macos-x86_64, r-release-windows-x86_64, r-oldrel-macos-arm64, r-oldrel-macos-x86_64, r-oldrel-windows-x86_64

mirror server hosted at Truenetwork, Russian Federation.