Last updated on 2025-02-22 17:49:51 CET.
Flavor | Version | Tinstall | Tcheck | Ttotal | Status | Flags |
---|---|---|---|---|---|---|
r-devel-linux-x86_64-debian-clang | 0.2-4 | 9.70 | 164.83 | 174.53 | NOTE | |
r-devel-linux-x86_64-debian-gcc | 0.2-4 | 6.33 | 114.54 | 120.87 | NOTE | |
r-devel-linux-x86_64-fedora-clang | 0.2-4 | 277.05 | ERROR | |||
r-devel-linux-x86_64-fedora-gcc | 0.2-4 | 292.84 | ERROR | |||
r-devel-macos-arm64 | 0.2-4 | 83.00 | OK | |||
r-devel-macos-x86_64 | 0.2-4 | 166.00 | OK | |||
r-devel-windows-x86_64 | 0.2-4 | 10.00 | 222.00 | 232.00 | NOTE | |
r-patched-linux-x86_64 | 0.2-4 | 12.01 | 159.28 | 171.29 | OK | |
r-release-linux-x86_64 | 0.2-4 | 8.27 | 157.66 | 165.93 | OK | |
r-release-macos-arm64 | 0.2-4 | 85.00 | OK | |||
r-release-macos-x86_64 | 0.2-4 | 123.00 | OK | |||
r-release-windows-x86_64 | 0.2-4 | 10.00 | 214.00 | 224.00 | OK | |
r-oldrel-macos-arm64 | 0.2-4 | 92.00 | OK | |||
r-oldrel-macos-x86_64 | 0.2-4 | 159.00 | OK | |||
r-oldrel-windows-x86_64 | 0.2-4 | 13.00 | 257.00 | 270.00 | OK |
Version: 0.2-4
Check: Rd cross-references
Result: NOTE
Found the following Rd file(s) with Rd \link{} targets missing package
anchors:
bread.glmerMod.Rd: glmerMod-class
bread.lmerMod.Rd: lmerMod-class
estfun.glmerMod.Rd: glmerMod-class
estfun.lmerMod.Rd: lmerMod-class
llcont.glmerMod.Rd: glmerMod-class
llcont.lmerMod.Rd: lmerMod-class
vcov.glmerMod.Rd: glmerMod-class
vcov.lmerMod.Rd: lmerMod-class
Please provide package anchors for all Rd \link{} targets not in the
package itself and the base packages.
Flavors: r-devel-linux-x86_64-debian-clang, r-devel-linux-x86_64-debian-gcc, r-devel-windows-x86_64
Version: 0.2-4
Check: tests
Result: ERROR
Running ‘tinytest.R’ [150s/203s]
Running the tests in ‘tests/tinytest.R’ failed.
Complete output:
>
> if ( requireNamespace("tinytest", quietly=TRUE) ){
+ tinytest::test_package("merDeriv")
+ }
Loading required package: lme4
Loading required package: Matrix
Loading required package: nonnest2
This is nonnest2 0.5-8.
nonnest2 has not been tested with all combinations of supported model classes.
Loading required package: sandwich
Loading required package: lavaan
This is lavaan 0.6-19
lavaan is FREE software! Please report any bugs.
test_merDeriv.R............... 0 tests
test_merDeriv.R............... 0 tests Loading required package: stats4
Loading required package: lattice
Attaching package: 'mirt'
The following object is masked from 'package:lme4':
fixef
test_merDeriv.R............... 0 tests
Attaching package: 'nlme'
The following object is masked from 'package:mirt':
fixef
The following object is masked from 'package:lme4':
lmList
test_merDeriv.R............... 0 tests
test_merDeriv.R............... 0 tests
test_merDeriv.R............... 0 tests
test_merDeriv.R............... 1 tests <1b>[0;31m1 fails<1b>[0m
test_merDeriv.R............... 1 tests <1b>[0;31m1 fails<1b>[0m
test_merDeriv.R............... 2 tests <1b>[0;31m1 fails<1b>[0m
test_merDeriv.R............... 2 tests <1b>[0;31m1 fails<1b>[0m
test_merDeriv.R............... 2 tests <1b>[0;31m1 fails<1b>[0m
test_merDeriv.R............... 2 tests <1b>[0;31m1 fails<1b>[0m
test_merDeriv.R............... 3 tests <1b>[0;31m2 fails<1b>[0m
test_merDeriv.R............... 4 tests <1b>[0;31m2 fails<1b>[0m
test_merDeriv.R............... 4 tests <1b>[0;31m2 fails<1b>[0m
test_merDeriv.R............... 4 tests <1b>[0;31m2 fails<1b>[0m
test_merDeriv.R............... 4 tests <1b>[0;31m2 fails<1b>[0m
test_merDeriv.R............... 4 tests <1b>[0;31m2 fails<1b>[0m
test_merDeriv.R............... 4 tests <1b>[0;31m2 fails<1b>[0m
test_merDeriv.R............... 4 tests <1b>[0;31m2 fails<1b>[0m
test_merDeriv.R............... 4 tests <1b>[0;31m2 fails<1b>[0m
test_merDeriv.R............... 5 tests <1b>[0;31m3 fails<1b>[0m
test_merDeriv.R............... 6 tests <1b>[0;31m3 fails<1b>[0m
test_merDeriv.R............... 7 tests <1b>[0;31m3 fails<1b>[0m
test_merDeriv.R............... 8 tests <1b>[0;31m3 fails<1b>[0m
test_merDeriv.R............... 8 tests <1b>[0;31m3 fails<1b>[0m
test_merDeriv.R............... 9 tests <1b>[0;31m3 fails<1b>[0m
test_merDeriv.R............... 9 tests <1b>[0;31m3 fails<1b>[0m
test_merDeriv.R............... 9 tests <1b>[0;31m3 fails<1b>[0m
test_merDeriv.R............... 10 tests <1b>[0;31m3 fails<1b>[0m
test_merDeriv.R............... 11 tests <1b>[0;31m3 fails<1b>[0m
test_merDeriv.R............... 11 tests <1b>[0;31m3 fails<1b>[0m
test_merDeriv.R............... 12 tests <1b>[0;31m3 fails<1b>[0m
test_merDeriv.R............... 12 tests <1b>[0;31m3 fails<1b>[0m
test_merDeriv.R............... 12 tests <1b>[0;31m3 fails<1b>[0m
test_merDeriv.R............... 13 tests <1b>[0;31m3 fails<1b>[0m
test_merDeriv.R............... 14 tests <1b>[0;31m3 fails<1b>[0m
test_merDeriv.R............... 14 tests <1b>[0;31m3 fails<1b>[0m
test_merDeriv.R............... 14 tests <1b>[0;31m3 fails<1b>[0m
test_merDeriv.R............... 14 tests <1b>[0;31m3 fails<1b>[0m
test_merDeriv.R............... 14 tests <1b>[0;31m3 fails<1b>[0m
test_merDeriv.R............... 14 tests <1b>[0;31m3 fails<1b>[0m
test_merDeriv.R............... 14 tests <1b>[0;31m3 fails<1b>[0m
test_merDeriv.R............... 14 tests <1b>[0;31m3 fails<1b>[0m
test_merDeriv.R............... 14 tests <1b>[0;31m3 fails<1b>[0m
test_merDeriv.R............... 14 tests <1b>[0;31m3 fails<1b>[0m
test_merDeriv.R............... 15 tests <1b>[0;31m3 fails<1b>[0m
test_merDeriv.R............... 15 tests <1b>[0;31m3 fails<1b>[0m
test_merDeriv.R............... 15 tests <1b>[0;31m3 fails<1b>[0m
test_merDeriv.R............... 16 tests <1b>[0;31m3 fails<1b>[0m
test_merDeriv.R............... 17 tests <1b>[0;31m3 fails<1b>[0m
test_merDeriv.R............... 17 tests <1b>[0;31m3 fails<1b>[0m
test_merDeriv.R............... 17 tests <1b>[0;31m3 fails<1b>[0m
test_merDeriv.R............... 17 tests <1b>[0;31m3 fails<1b>[0m
test_merDeriv.R............... 17 tests <1b>[0;31m3 fails<1b>[0m
test_merDeriv.R............... 17 tests <1b>[0;31m3 fails<1b>[0m
test_merDeriv.R............... 18 tests <1b>[0;31m3 fails<1b>[0m
test_merDeriv.R............... 19 tests <1b>[0;31m3 fails<1b>[0m
test_merDeriv.R............... 19 tests <1b>[0;31m3 fails<1b>[0m
test_merDeriv.R............... 19 tests <1b>[0;31m3 fails<1b>[0m
test_merDeriv.R............... 19 tests <1b>[0;31m3 fails<1b>[0m
test_merDeriv.R............... 19 tests <1b>[0;31m3 fails<1b>[0m
test_merDeriv.R............... 20 tests <1b>[0;31m4 fails<1b>[0m
test_merDeriv.R............... 20 tests <1b>[0;31m4 fails<1b>[0m
test_merDeriv.R............... 20 tests <1b>[0;31m4 fails<1b>[0m
test_merDeriv.R............... 20 tests <1b>[0;31m4 fails<1b>[0m
test_merDeriv.R............... 21 tests <1b>[0;31m4 fails<1b>[0m
test_merDeriv.R............... 22 tests <1b>[0;31m4 fails<1b>[0m
test_merDeriv.R............... 23 tests <1b>[0;31m4 fails<1b>[0m <1b>[0;34m3.3s<1b>[0m
----- FAILED[data]: test_merDeriv.R<11--12>
call| expect_equal(as.numeric(round(sum(llcont(lme4fit, level = 1)),
call| --> 4)), as.numeric(round(logLik(lme4fit), 4)))
diff| Expected '-Inf', got 'NaN'
----- FAILED[data]: test_merDeriv.R<25--26>
call| expect_equal(as.numeric(round(sum(llcont(subfit, level = 1)),
call| --> 4)), as.numeric(round(logLik(subfit), 4)))
diff| Expected '-Inf', got 'NaN'
----- FAILED[data]: test_merDeriv.R<65--65>
call| expect_true(all(score2_lavaan - score2 < 0.001))
diff| Expected TRUE, got FALSE
----- FAILED[data]: test_merDeriv.R<153--153>
call| expect_true(all(abs(nlmeres - lme4res) < 1))
diff| Expected TRUE, got FALSE
Error: 4 out of 23 tests failed
In addition: There were 17 warnings (use warnings() to see them)
Execution halted
Flavor: r-devel-linux-x86_64-fedora-clang
Version: 0.2-4
Check: tests
Result: ERROR
Running ‘tinytest.R’ [163s/480s]
Running the tests in ‘tests/tinytest.R’ failed.
Complete output:
>
> if ( requireNamespace("tinytest", quietly=TRUE) ){
+ tinytest::test_package("merDeriv")
+ }
Loading required package: lme4
Loading required package: Matrix
Loading required package: nonnest2
This is nonnest2 0.5-8.
nonnest2 has not been tested with all combinations of supported model classes.
Loading required package: sandwich
Loading required package: lavaan
This is lavaan 0.6-19
lavaan is FREE software! Please report any bugs.
test_merDeriv.R............... 0 tests
test_merDeriv.R............... 0 tests Loading required package: stats4
Loading required package: lattice
Attaching package: 'mirt'
The following object is masked from 'package:lme4':
fixef
test_merDeriv.R............... 0 tests
Attaching package: 'nlme'
The following object is masked from 'package:mirt':
fixef
The following object is masked from 'package:lme4':
lmList
test_merDeriv.R............... 0 tests
test_merDeriv.R............... 0 tests
test_merDeriv.R............... 0 tests
test_merDeriv.R............... 1 tests <1b>[0;31m1 fails<1b>[0m
test_merDeriv.R............... 1 tests <1b>[0;31m1 fails<1b>[0m
test_merDeriv.R............... 2 tests <1b>[0;31m1 fails<1b>[0m
test_merDeriv.R............... 2 tests <1b>[0;31m1 fails<1b>[0m
test_merDeriv.R............... 2 tests <1b>[0;31m1 fails<1b>[0m
test_merDeriv.R............... 2 tests <1b>[0;31m1 fails<1b>[0m
test_merDeriv.R............... 3 tests <1b>[0;31m2 fails<1b>[0m
test_merDeriv.R............... 4 tests <1b>[0;31m2 fails<1b>[0m
test_merDeriv.R............... 4 tests <1b>[0;31m2 fails<1b>[0m
test_merDeriv.R............... 4 tests <1b>[0;31m2 fails<1b>[0m
test_merDeriv.R............... 4 tests <1b>[0;31m2 fails<1b>[0m
test_merDeriv.R............... 4 tests <1b>[0;31m2 fails<1b>[0m
test_merDeriv.R............... 4 tests <1b>[0;31m2 fails<1b>[0m
test_merDeriv.R............... 4 tests <1b>[0;31m2 fails<1b>[0m
test_merDeriv.R............... 4 tests <1b>[0;31m2 fails<1b>[0m
test_merDeriv.R............... 5 tests <1b>[0;31m3 fails<1b>[0m
test_merDeriv.R............... 6 tests <1b>[0;31m3 fails<1b>[0m
test_merDeriv.R............... 7 tests <1b>[0;31m3 fails<1b>[0m
test_merDeriv.R............... 8 tests <1b>[0;31m3 fails<1b>[0m
test_merDeriv.R............... 8 tests <1b>[0;31m3 fails<1b>[0m
test_merDeriv.R............... 9 tests <1b>[0;31m3 fails<1b>[0m
test_merDeriv.R............... 9 tests <1b>[0;31m3 fails<1b>[0m
test_merDeriv.R............... 9 tests <1b>[0;31m3 fails<1b>[0m
test_merDeriv.R............... 10 tests <1b>[0;31m3 fails<1b>[0m
test_merDeriv.R............... 11 tests <1b>[0;31m3 fails<1b>[0m
test_merDeriv.R............... 11 tests <1b>[0;31m3 fails<1b>[0m
test_merDeriv.R............... 12 tests <1b>[0;31m3 fails<1b>[0m
test_merDeriv.R............... 12 tests <1b>[0;31m3 fails<1b>[0m
test_merDeriv.R............... 12 tests <1b>[0;31m3 fails<1b>[0m
test_merDeriv.R............... 13 tests <1b>[0;31m3 fails<1b>[0m
test_merDeriv.R............... 14 tests <1b>[0;31m3 fails<1b>[0m
test_merDeriv.R............... 14 tests <1b>[0;31m3 fails<1b>[0m
test_merDeriv.R............... 14 tests <1b>[0;31m3 fails<1b>[0m
test_merDeriv.R............... 14 tests <1b>[0;31m3 fails<1b>[0m
test_merDeriv.R............... 14 tests <1b>[0;31m3 fails<1b>[0m
test_merDeriv.R............... 14 tests <1b>[0;31m3 fails<1b>[0m
test_merDeriv.R............... 14 tests <1b>[0;31m3 fails<1b>[0m
test_merDeriv.R............... 14 tests <1b>[0;31m3 fails<1b>[0m
test_merDeriv.R............... 14 tests <1b>[0;31m3 fails<1b>[0m
test_merDeriv.R............... 14 tests <1b>[0;31m3 fails<1b>[0m
test_merDeriv.R............... 15 tests <1b>[0;31m3 fails<1b>[0m
test_merDeriv.R............... 15 tests <1b>[0;31m3 fails<1b>[0m
test_merDeriv.R............... 15 tests <1b>[0;31m3 fails<1b>[0m
test_merDeriv.R............... 16 tests <1b>[0;31m3 fails<1b>[0m
test_merDeriv.R............... 17 tests <1b>[0;31m3 fails<1b>[0m
test_merDeriv.R............... 17 tests <1b>[0;31m3 fails<1b>[0m
test_merDeriv.R............... 17 tests <1b>[0;31m3 fails<1b>[0m
test_merDeriv.R............... 17 tests <1b>[0;31m3 fails<1b>[0m
test_merDeriv.R............... 17 tests <1b>[0;31m3 fails<1b>[0m
test_merDeriv.R............... 17 tests <1b>[0;31m3 fails<1b>[0m
test_merDeriv.R............... 18 tests <1b>[0;31m3 fails<1b>[0m
test_merDeriv.R............... 19 tests <1b>[0;31m3 fails<1b>[0m
test_merDeriv.R............... 19 tests <1b>[0;31m3 fails<1b>[0m
test_merDeriv.R............... 19 tests <1b>[0;31m3 fails<1b>[0m
test_merDeriv.R............... 19 tests <1b>[0;31m3 fails<1b>[0m
test_merDeriv.R............... 19 tests <1b>[0;31m3 fails<1b>[0m
test_merDeriv.R............... 20 tests <1b>[0;31m4 fails<1b>[0m
test_merDeriv.R............... 20 tests <1b>[0;31m4 fails<1b>[0m
test_merDeriv.R............... 20 tests <1b>[0;31m4 fails<1b>[0m
test_merDeriv.R............... 20 tests <1b>[0;31m4 fails<1b>[0m
test_merDeriv.R............... 21 tests <1b>[0;31m4 fails<1b>[0m
test_merDeriv.R............... 22 tests <1b>[0;31m4 fails<1b>[0m
test_merDeriv.R............... 23 tests <1b>[0;31m4 fails<1b>[0m <1b>[0;34m7.8s<1b>[0m
----- FAILED[data]: test_merDeriv.R<11--12>
call| expect_equal(as.numeric(round(sum(llcont(lme4fit, level = 1)),
call| --> 4)), as.numeric(round(logLik(lme4fit), 4)))
diff| Expected '-Inf', got 'NaN'
----- FAILED[data]: test_merDeriv.R<25--26>
call| expect_equal(as.numeric(round(sum(llcont(subfit, level = 1)),
call| --> 4)), as.numeric(round(logLik(subfit), 4)))
diff| Expected '-Inf', got 'NaN'
----- FAILED[data]: test_merDeriv.R<65--65>
call| expect_true(all(score2_lavaan - score2 < 0.001))
diff| Expected TRUE, got FALSE
----- FAILED[data]: test_merDeriv.R<153--153>
call| expect_true(all(abs(nlmeres - lme4res) < 1))
diff| Expected TRUE, got FALSE
Error: 4 out of 23 tests failed
In addition: There were 17 warnings (use warnings() to see them)
Execution halted
Flavor: r-devel-linux-x86_64-fedora-gcc