CRAN Package Check Results for Package metapro

Last updated on 2025-11-24 11:50:11 CET.

Flavor Version Tinstall Tcheck Ttotal Status Flags
r-devel-linux-x86_64-debian-clang 1.5.11 9.69 79.18 88.87 NOTE
r-devel-linux-x86_64-debian-gcc 1.5.11 6.26 61.97 68.23 NOTE
r-devel-linux-x86_64-fedora-clang 1.5.11 18.00 114.86 132.86 OK
r-devel-linux-x86_64-fedora-gcc 1.5.11 17.00 110.12 127.12 OK
r-devel-windows-x86_64 1.5.11 12.00 82.00 94.00 OK
r-patched-linux-x86_64 1.5.11 8.92 75.71 84.63 OK
r-release-linux-x86_64 1.5.11 9.25 75.67 84.92 OK
r-release-macos-arm64 1.5.11 OK
r-release-macos-x86_64 1.5.11 9.00 73.00 82.00 OK
r-release-windows-x86_64 1.5.11 11.00 82.00 93.00 OK
r-oldrel-macos-arm64 1.5.11 OK
r-oldrel-macos-x86_64 1.5.11 7.00 51.00 58.00 OK
r-oldrel-windows-x86_64 1.5.11 12.00 104.00 116.00 OK

Check Details

Version: 1.5.11
Check: CRAN incoming feasibility
Result: NOTE Maintainer: ‘Sora Yoon <ysora90@gmail.com>’ No Authors@R field in DESCRIPTION. Please add one, modifying Authors@R: person(given = "Sora", family = "Yoon", role = c("aut", "cre"), email = "ysora90@gmail.com") as necessary. Flavors: r-devel-linux-x86_64-debian-clang, r-devel-linux-x86_64-debian-gcc

mirror server hosted at Truenetwork, Russian Federation.