Last updated on 2025-05-29 18:50:25 CEST.
Flavor | Version | Tinstall | Tcheck | Ttotal | Status | Flags |
---|---|---|---|---|---|---|
r-devel-linux-x86_64-debian-clang | 1.2.2 | 10.05 | 62.10 | 72.15 | OK | |
r-devel-linux-x86_64-debian-gcc | 1.2.2 | 5.09 | 43.45 | 48.54 | OK | |
r-devel-linux-x86_64-fedora-clang | 1.2.2 | 113.33 | NOTE | |||
r-devel-linux-x86_64-fedora-gcc | 1.2.2 | 106.99 | NOTE | |||
r-devel-windows-x86_64 | 1.2.2 | 13.00 | 77.00 | 90.00 | OK | |
r-patched-linux-x86_64 | 1.2.2 | 9.92 | 58.73 | 68.65 | OK | |
r-release-linux-x86_64 | 1.2.2 | 10.09 | 59.43 | 69.52 | OK | |
r-release-macos-arm64 | 1.2.2 | 33.00 | OK | |||
r-release-macos-x86_64 | 1.2.2 | 56.00 | OK | |||
r-release-windows-x86_64 | 1.2.2 | 12.00 | 87.00 | 99.00 | OK | |
r-oldrel-macos-arm64 | 1.2.2 | 33.00 | OK | |||
r-oldrel-macos-x86_64 | 1.2.2 | 47.00 | OK | |||
r-oldrel-windows-x86_64 | 1.2.2 | 16.00 | 95.00 | 111.00 | OK |
Version: 1.2.2
Check: dependencies in R code
Result: NOTE
Namespaces in Imports field not imported from:
‘ade4’ ‘dendextend’ ‘ggforce’ ‘ggrepel’ ‘stringr’ ‘tidyverse’
All declared Imports should be used.
Flavors: r-devel-linux-x86_64-fedora-clang, r-devel-linux-x86_64-fedora-gcc