Last updated on 2025-05-28 06:51:31 CEST.
Flavor | Version | Tinstall | Tcheck | Ttotal | Status | Flags |
---|---|---|---|---|---|---|
r-devel-linux-x86_64-debian-clang | 1.17 | 105.86 | 167.59 | 273.45 | OK | |
r-devel-linux-x86_64-debian-gcc | 1.17 | 69.91 | 106.19 | 176.10 | OK | |
r-devel-linux-x86_64-fedora-clang | 1.17 | 483.44 | OK | |||
r-devel-linux-x86_64-fedora-gcc | 1.17 | 463.58 | OK | |||
r-devel-windows-x86_64 | 1.17 | 108.00 | 194.00 | 302.00 | OK | |
r-patched-linux-x86_64 | 1.17 | 106.33 | 158.53 | 264.86 | OK | |
r-release-linux-x86_64 | 1.17 | 101.97 | 157.97 | 259.94 | OK | |
r-release-macos-arm64 | 1.17 | 110.00 | OK | |||
r-release-macos-x86_64 | 1.17 | 188.00 | OK | |||
r-release-windows-x86_64 | 1.17 | 107.00 | 195.00 | 302.00 | OK | |
r-oldrel-macos-arm64 | 1.17 | 129.00 | NOTE | |||
r-oldrel-macos-x86_64 | 1.17 | 319.00 | NOTE | |||
r-oldrel-windows-x86_64 | 1.17 | 140.00 | 245.00 | 385.00 | OK |
Version: 1.17
Check: installed package size
Result: NOTE
installed size is 9.5Mb
sub-directories of 1Mb or more:
data 1.1Mb
libs 6.5Mb
Flavors: r-oldrel-macos-arm64, r-oldrel-macos-x86_64