CRAN Package Check Results for Package mexhaz

Last updated on 2025-05-29 00:48:26 CEST.

Flavor Version Tinstall Tcheck Ttotal Status Flags
r-devel-linux-x86_64-debian-clang 2.6 29.58 87.44 117.02 NOTE
r-devel-linux-x86_64-debian-gcc 2.6 21.66 63.00 84.66 NOTE
r-devel-linux-x86_64-fedora-clang 2.6 178.12 OK
r-devel-linux-x86_64-fedora-gcc 2.6 181.26 OK
r-devel-windows-x86_64 2.6 51.00 113.00 164.00 OK
r-patched-linux-x86_64 2.6 31.46 81.86 113.32 OK
r-release-linux-x86_64 2.6 32.24 83.74 115.98 OK
r-release-macos-arm64 2.6 53.00 OK
r-release-macos-x86_64 2.6 90.00 OK
r-release-windows-x86_64 2.6 53.00 123.00 176.00 OK
r-oldrel-macos-arm64 2.6 53.00 OK
r-oldrel-macos-x86_64 2.6 115.00 OK
r-oldrel-windows-x86_64 2.6 58.00 137.00 195.00 OK

Check Details

Version: 2.6
Check: CRAN incoming feasibility
Result: NOTE Maintainer: ‘Hadrien Charvat <h.charvat.ef@juntendo.ac.jp>’ No Authors@R field in DESCRIPTION. Please add one, modifying Authors@R: c(person(given = "Hadrien", family = "Charvat", role = c("aut", "cre"), email = "h.charvat.ef@juntendo.ac.jp"), person(given = "Aurelien", family = "Belot", role = "aut"), person(given = "Juste", family = "Goungounga", role = "aut")) as necessary. Flavors: r-devel-linux-x86_64-debian-clang, r-devel-linux-x86_64-debian-gcc

mirror server hosted at Truenetwork, Russian Federation.