Last updated on 2025-05-28 12:49:38 CEST.
Flavor | Version | Tinstall | Tcheck | Ttotal | Status | Flags |
---|---|---|---|---|---|---|
r-devel-linux-x86_64-debian-clang | 0.1.0 | 2.53 | 36.89 | 39.42 | NOTE | |
r-devel-linux-x86_64-debian-gcc | 0.1.0 | 2.26 | 27.76 | 30.02 | NOTE | |
r-devel-linux-x86_64-fedora-clang | 0.1.0 | 65.71 | OK | |||
r-devel-linux-x86_64-fedora-gcc | 0.1.0 | 59.72 | OK | |||
r-devel-windows-x86_64 | 0.1.0 | 3.00 | 55.00 | 58.00 | OK | |
r-patched-linux-x86_64 | 0.1.0 | 2.65 | 34.88 | 37.53 | OK | |
r-release-linux-x86_64 | 0.1.0 | 2.51 | 35.17 | 37.68 | OK | |
r-release-macos-arm64 | 0.1.0 | 23.00 | OK | |||
r-release-macos-x86_64 | 0.1.0 | 40.00 | OK | |||
r-release-windows-x86_64 | 0.1.0 | 3.00 | 56.00 | 59.00 | OK | |
r-oldrel-macos-arm64 | 0.1.0 | 21.00 | OK | |||
r-oldrel-macos-x86_64 | 0.1.0 | 33.00 | OK | |||
r-oldrel-windows-x86_64 | 0.1.0 | 3.00 | 65.00 | 68.00 | OK |
Version: 0.1.0
Check: CRAN incoming feasibility
Result: NOTE
Maintainer: ‘Masatoshi Katabuchi <mattocci27@gmail.com>’
No Authors@R field in DESCRIPTION.
Please add one, modifying
Authors@R: c(person(given = "Masatoshi",
family = "Katabuchi",
role = c("aut", "cre"),
email = "mattocci27@gmail.com"),
person(given = "Akihiro",
family = "Nakamura",
role = "aut"))
as necessary.
Package CITATION file contains call(s) to old-style citEntry(). Please
use bibentry() instead.
Flavors: r-devel-linux-x86_64-debian-clang, r-devel-linux-x86_64-debian-gcc