Last updated on 2025-07-13 00:48:32 CEST.
Flavor | Version | Tinstall | Tcheck | Ttotal | Status | Flags |
---|---|---|---|---|---|---|
r-devel-linux-x86_64-debian-clang | 2.1 | 12.25 | 79.98 | 92.23 | NOTE | |
r-devel-linux-x86_64-debian-gcc | 2.1 | 8.22 | 55.38 | 63.60 | NOTE | |
r-devel-linux-x86_64-fedora-clang | 2.1 | 148.67 | OK | |||
r-devel-linux-x86_64-fedora-gcc | 2.1 | 132.74 | OK | |||
r-devel-windows-x86_64 | 2.1 | 11.00 | 92.00 | 103.00 | OK | |
r-patched-linux-x86_64 | 2.1 | 11.95 | 73.53 | 85.48 | OK | |
r-release-linux-x86_64 | 2.1 | 10.84 | 72.09 | 82.93 | OK | |
r-release-macos-arm64 | 2.1 | 37.00 | OK | |||
r-release-macos-x86_64 | 2.1 | 76.00 | OK | |||
r-release-windows-x86_64 | 2.1 | 12.00 | 89.00 | 101.00 | OK | |
r-oldrel-macos-arm64 | 2.1 | 38.00 | OK | |||
r-oldrel-macos-x86_64 | 2.1 | 61.00 | OK | |||
r-oldrel-windows-x86_64 | 2.1 | 17.00 | 106.00 | 123.00 | OK |
Version: 2.1
Check: CRAN incoming feasibility
Result: NOTE
Maintainer: ‘Zheng-Zheng Tang <tang@biostat.wisc.edu>’
No Authors@R field in DESCRIPTION.
Please add one, modifying
Authors@R: person(given = "Zheng-Zheng",
family = "Tang",
role = c("aut", "cre"),
email = "tang@biostat.wisc.edu")
as necessary.
Flavors: r-devel-linux-x86_64-debian-clang, r-devel-linux-x86_64-debian-gcc