Last updated on 2025-11-03 23:50:23 CET.
| Flavor | Version | Tinstall | Tcheck | Ttotal | Status | Flags | 
|---|---|---|---|---|---|---|
| r-devel-linux-x86_64-debian-clang | 0.6-20 | 11.33 | 127.20 | 138.53 | NOTE | |
| r-devel-linux-x86_64-debian-gcc | 0.6-20 | 7.37 | 88.52 | 95.89 | NOTE | |
| r-devel-linux-x86_64-fedora-clang | 0.6-20 | 26.00 | 188.81 | 214.81 | OK | |
| r-devel-linux-x86_64-fedora-gcc | 0.6-20 | 22.00 | 187.51 | 209.51 | OK | |
| r-devel-windows-x86_64 | 0.6-20 | 14.00 | 147.00 | 161.00 | OK | |
| r-patched-linux-x86_64 | 0.6-20 | 12.13 | 120.91 | 133.04 | OK | |
| r-release-linux-x86_64 | 0.6-20 | 11.09 | 119.58 | 130.67 | OK | |
| r-release-macos-arm64 | 0.6-20 | 5.00 | 59.00 | 64.00 | OK | |
| r-release-macos-x86_64 | 0.6-20 | 9.00 | 138.00 | 147.00 | OK | |
| r-release-windows-x86_64 | 0.6-20 | 13.00 | 147.00 | 160.00 | OK | |
| r-oldrel-macos-arm64 | 0.6-20 | 5.00 | 59.00 | 64.00 | OK | |
| r-oldrel-macos-x86_64 | 0.6-20 | 7.00 | 88.00 | 95.00 | OK | |
| r-oldrel-windows-x86_64 | 0.6-20 | 18.00 | 176.00 | 194.00 | OK | 
Version: 0.6-20
Check: CRAN incoming feasibility
Result: NOTE
  Maintainer: ‘Arne Henningsen <arne.henningsen@gmail.com>’
  
  No Authors@R field in DESCRIPTION.
  Please add one, modifying
    Authors@R: person(given = "Arne",
                      family = "Henningsen",
                      role = c("aut", "cre"),
                      email = "arne.henningsen@gmail.com")
  as necessary.
Flavors: r-devel-linux-x86_64-debian-clang, r-devel-linux-x86_64-debian-gcc