CRAN Package Check Results for Package midastouch

Last updated on 2025-02-22 17:49:51 CET.

Flavor Version Tinstall Tcheck Ttotal Status Flags
r-devel-linux-x86_64-debian-clang 1.3 1.24 20.62 21.86 OK
r-devel-linux-x86_64-debian-gcc 1.3 1.30 16.15 17.45 OK
r-devel-linux-x86_64-fedora-clang 1.3 35.97 OK
r-devel-linux-x86_64-fedora-gcc 1.3 35.61 OK
r-devel-macos-arm64 1.3 17.00 OK
r-devel-macos-x86_64 1.3 25.00 OK
r-devel-windows-x86_64 1.3 2.00 48.00 50.00 OK
r-patched-linux-x86_64 1.3 1.46 20.15 21.61 NOTE
r-release-linux-x86_64 1.3 1.50 20.84 22.34 NOTE
r-release-macos-arm64 1.3 16.00 NOTE
r-release-macos-x86_64 1.3 26.00 NOTE
r-release-windows-x86_64 1.3 2.00 42.00 44.00 NOTE
r-oldrel-macos-arm64 1.3 15.00 NOTE
r-oldrel-macos-x86_64 1.3 19.00 NOTE
r-oldrel-windows-x86_64 1.3 2.00 46.00 48.00 NOTE

Check Details

Version: 1.3
Check: LazyData
Result: NOTE 'LazyData' is specified without a 'data' directory Flavors: r-patched-linux-x86_64, r-release-linux-x86_64, r-release-macos-arm64, r-release-macos-x86_64, r-release-windows-x86_64, r-oldrel-macos-arm64, r-oldrel-macos-x86_64, r-oldrel-windows-x86_64

mirror server hosted at Truenetwork, Russian Federation.