Last updated on 2025-11-03 11:49:46 CET.
| Flavor | Version | Tinstall | Tcheck | Ttotal | Status | Flags |
|---|---|---|---|---|---|---|
| r-devel-linux-x86_64-debian-clang | 2.0.3 | 77.62 | 51.83 | 129.45 | OK | |
| r-devel-linux-x86_64-debian-gcc | 2.0.3 | 53.45 | 36.13 | 89.58 | OK | |
| r-devel-linux-x86_64-fedora-clang | 2.0.3 | 173.00 | 75.35 | 248.35 | OK | |
| r-devel-linux-x86_64-fedora-gcc | 2.0.3 | 176.00 | 45.88 | 221.88 | OK | |
| r-devel-windows-x86_64 | 2.0.3 | 90.00 | 93.00 | 183.00 | OK | |
| r-patched-linux-x86_64 | 2.0.3 | 77.73 | 49.18 | 126.91 | OK | |
| r-release-linux-x86_64 | 2.0.3 | 74.24 | 49.29 | 123.53 | OK | |
| r-release-macos-arm64 | 2.0.3 | 28.00 | 24.00 | 52.00 | OK | |
| r-release-macos-x86_64 | 2.0.3 | 32.00 | 46.00 | 78.00 | OK | |
| r-release-windows-x86_64 | 2.0.3 | 90.00 | 93.00 | 183.00 | OK | |
| r-oldrel-macos-arm64 | 2.0.3 | 27.00 | 24.00 | 51.00 | NOTE | |
| r-oldrel-macos-x86_64 | 2.0.3 | 26.00 | 51.00 | 77.00 | NOTE | |
| r-oldrel-windows-x86_64 | 2.0.3 | 107.00 | 105.00 | 212.00 | OK |
Version: 2.0.3
Check: installed package size
Result: NOTE
installed size is 6.5Mb
sub-directories of 1Mb or more:
libs 6.0Mb
Flavors: r-oldrel-macos-arm64, r-oldrel-macos-x86_64