CRAN Package Check Results for Package mime

Last updated on 2025-05-25 06:51:13 CEST.

Flavor Version Tinstall Tcheck Ttotal Status Flags
r-devel-linux-x86_64-debian-clang 0.13 2.23 19.70 21.93 NOTE
r-devel-linux-x86_64-debian-gcc 0.13 1.95 16.26 18.21 NOTE
r-devel-linux-x86_64-fedora-clang 0.13 34.08 OK
r-devel-linux-x86_64-fedora-gcc 0.13 32.65 OK
r-devel-windows-x86_64 0.13 8.00 48.00 56.00 OK
r-patched-linux-x86_64 0.13 1.51 17.81 19.32 OK
r-release-linux-x86_64 0.13 4.14 17.82 21.96 OK
r-release-macos-arm64 0.13 18.00 OK
r-release-macos-x86_64 0.13 27.00 OK
r-release-windows-x86_64 0.13 7.00 62.00 69.00 OK
r-oldrel-macos-arm64 0.13 41.00 OK
r-oldrel-macos-x86_64 0.13 81.00 OK
r-oldrel-windows-x86_64 0.13 9.00 43.00 52.00 OK

Check Details

Version: 0.13
Check: DESCRIPTION meta-information
Result: NOTE Author field differs from that derived from Authors@R Author: ‘Yihui Xie [aut, cre] (<https://orcid.org/0000-0003-0645-5666>, https://yihui.org), Jeffrey Horner [ctb], Beilei Bian [ctb]’ Authors@R: ‘Yihui Xie [aut, cre] (ORCID: <https://orcid.org/0000-0003-0645-5666>, URL: https://yihui.org), Jeffrey Horner [ctb], Beilei Bian [ctb]’ Flavors: r-devel-linux-x86_64-debian-clang, r-devel-linux-x86_64-debian-gcc

mirror server hosted at Truenetwork, Russian Federation.