Last updated on 2025-11-04 11:52:35 CET.
| Flavor | Version | Tinstall | Tcheck | Ttotal | Status | Flags | 
|---|---|---|---|---|---|---|
| r-devel-linux-x86_64-debian-clang | 1.0.0 | 6.31 | 60.59 | 66.90 | NOTE | |
| r-devel-linux-x86_64-debian-gcc | 1.0.0 | 4.31 | 44.21 | 48.52 | NOTE | |
| r-devel-linux-x86_64-fedora-clang | 1.0.0 | 13.00 | 91.29 | 104.29 | OK | |
| r-devel-linux-x86_64-fedora-gcc | 1.0.0 | 13.00 | 86.75 | 99.75 | OK | |
| r-devel-windows-x86_64 | 1.0.0 | 8.00 | 73.00 | 81.00 | OK | |
| r-patched-linux-x86_64 | 1.0.0 | 5.25 | 56.71 | 61.96 | OK | |
| r-release-linux-x86_64 | 1.0.0 | 5.12 | 57.70 | 62.82 | OK | |
| r-release-macos-arm64 | 1.0.0 | 4.00 | 36.00 | 40.00 | OK | |
| r-release-macos-x86_64 | 1.0.0 | 4.00 | 36.00 | 40.00 | OK | |
| r-release-windows-x86_64 | 1.0.0 | 8.00 | 75.00 | 83.00 | OK | |
| r-oldrel-macos-arm64 | 1.0.0 | 4.00 | 25.00 | 29.00 | NOTE | |
| r-oldrel-macos-x86_64 | 1.0.0 | 5.00 | 33.00 | 38.00 | NOTE | |
| r-oldrel-windows-x86_64 | 1.0.0 | 11.00 | 93.00 | 104.00 | OK | 
Version: 1.0.0
Check: CRAN incoming feasibility
Result: NOTE
  Maintainer: ‘Allison Throm <throm@wustl.edu>’
  
  No Authors@R field in DESCRIPTION.
  Please add one, modifying
    Authors@R: person(given = "Allison",
                      family = "Throm",
                      role = c("aut", "cre"),
                      email = "throm@wustl.edu")
  as necessary.
Flavors: r-devel-linux-x86_64-debian-clang, r-devel-linux-x86_64-debian-gcc
Version: 1.0.0
Check: installed package size
Result: NOTE
    installed size is  5.6Mb
    sub-directories of 1Mb or more:
      data   5.5Mb
Flavors: r-oldrel-macos-arm64, r-oldrel-macos-x86_64