Last updated on 2025-11-02 17:49:44 CET.
| Flavor | Version | Tinstall | Tcheck | Ttotal | Status | Flags |
|---|---|---|---|---|---|---|
| r-devel-linux-x86_64-debian-clang | 1.45.1 | 121.04 | 244.09 | 365.13 | OK | |
| r-devel-linux-x86_64-debian-gcc | 1.45.1 | 80.66 | 157.43 | 238.09 | OK | |
| r-devel-linux-x86_64-fedora-clang | 1.45.1 | 567.00 | 65.73 | 632.73 | OK | |
| r-devel-linux-x86_64-fedora-gcc | 1.45.1 | 499.00 | 149.20 | 648.20 | OK | |
| r-devel-windows-x86_64 | 1.45.1 | 120.00 | 257.00 | 377.00 | OK | |
| r-patched-linux-x86_64 | 1.45.1 | 126.71 | 227.18 | 353.89 | OK | |
| r-release-linux-x86_64 | 1.45.1 | 125.33 | 227.91 | 353.24 | OK | |
| r-release-macos-arm64 | 1.45.1 | 46.00 | 88.00 | 134.00 | OK | |
| r-release-macos-x86_64 | 1.45.1 | 86.00 | 250.00 | 336.00 | OK | |
| r-release-windows-x86_64 | 1.45.1 | 119.00 | 255.00 | 374.00 | OK | |
| r-oldrel-macos-arm64 | 1.45.1 | 48.00 | 90.00 | 138.00 | NOTE | |
| r-oldrel-macos-x86_64 | 1.45.1 | 84.00 | 240.00 | 324.00 | NOTE | |
| r-oldrel-windows-x86_64 | 1.45.1 | 161.00 | 336.00 | 497.00 | OK |
Version: 1.45.1
Check: installed package size
Result: NOTE
installed size is 10.2Mb
sub-directories of 1Mb or more:
R 2.0Mb
libs 7.5Mb
Flavors: r-oldrel-macos-arm64, r-oldrel-macos-x86_64