Last updated on 2025-11-24 11:50:12 CET.
| Flavor | Version | Tinstall | Tcheck | Ttotal | Status | Flags |
|---|---|---|---|---|---|---|
| r-devel-linux-x86_64-debian-clang | 0.1-5 | 11.82 | 77.24 | 89.06 | NOTE | |
| r-devel-linux-x86_64-debian-gcc | 0.1-5 | 9.67 | 57.35 | 67.02 | NOTE | |
| r-devel-linux-x86_64-fedora-clang | 0.1-5 | 31.00 | 110.68 | 141.68 | OK | |
| r-devel-linux-x86_64-fedora-gcc | 0.1-5 | 27.00 | 104.82 | 131.82 | OK | |
| r-devel-windows-x86_64 | 0.1-5 | 26.00 | 85.00 | 111.00 | OK | |
| r-patched-linux-x86_64 | 0.1-5 | 10.75 | 74.54 | 85.29 | OK | |
| r-release-linux-x86_64 | 0.1-5 | 11.63 | 74.40 | 86.03 | OK | |
| r-release-macos-arm64 | 0.1-5 | OK | ||||
| r-release-macos-x86_64 | 0.1-5 | 18.00 | 82.00 | 100.00 | OK | |
| r-release-windows-x86_64 | 0.1-5 | 17.00 | 95.00 | 112.00 | OK | |
| r-oldrel-macos-arm64 | 0.1-5 | NOTE | ||||
| r-oldrel-macos-x86_64 | 0.1-5 | 9.00 | 55.00 | 64.00 | NOTE | |
| r-oldrel-windows-x86_64 | 0.1-5 | 27.00 | 106.00 | 133.00 | NOTE |
Version: 0.1-5
Check: CRAN incoming feasibility
Result: NOTE
Maintainer: ‘Dai Feng <daifeng.stat@gmail.com>’
No Authors@R field in DESCRIPTION.
Please add one, modifying
Authors@R: person(given = "Dai",
family = "Feng",
role = c("aut", "cre"),
email = "daifeng.stat@gmail.com")
as necessary.
Flavors: r-devel-linux-x86_64-debian-clang, r-devel-linux-x86_64-debian-gcc
Version: 0.1-5
Check: package dependencies
Result: NOTE
Packages suggested but not available for checking: 'mixAK', 'BRugs'
Flavors: r-oldrel-macos-arm64, r-oldrel-macos-x86_64
Version: 0.1-5
Check: Rd cross-references
Result: NOTE
Package unavailable to check Rd xrefs: ‘mixAK’
Flavors: r-oldrel-macos-arm64, r-oldrel-macos-x86_64
Version: 0.1-5
Check: package dependencies
Result: NOTE
Package suggested but not available for checking: 'BRugs'
Flavor: r-oldrel-windows-x86_64