Last updated on 2025-05-27 12:50:25 CEST.
Flavor | Version | Tinstall | Tcheck | Ttotal | Status | Flags |
---|---|---|---|---|---|---|
r-devel-linux-x86_64-debian-clang | 0.3.0 | 11.54 | 56.60 | 68.14 | NOTE | |
r-devel-linux-x86_64-debian-gcc | 0.3.0 | 8.17 | 39.42 | 47.59 | NOTE | |
r-devel-linux-x86_64-fedora-clang | 0.3.0 | 112.61 | OK | |||
r-devel-linux-x86_64-fedora-gcc | 0.3.0 | 105.07 | OK | |||
r-devel-windows-x86_64 | 0.3.0 | 16.00 | 98.00 | 114.00 | OK | |
r-patched-linux-x86_64 | 0.3.0 | 11.22 | 52.04 | 63.26 | OK | |
r-release-linux-x86_64 | 0.3.0 | 11.34 | 51.52 | 62.86 | OK | |
r-release-macos-arm64 | 0.3.0 | 34.00 | OK | |||
r-release-macos-x86_64 | 0.3.0 | 82.00 | OK | |||
r-release-windows-x86_64 | 0.3.0 | 14.00 | 100.00 | 114.00 | OK | |
r-oldrel-macos-arm64 | 0.3.0 | 34.00 | OK | |||
r-oldrel-macos-x86_64 | 0.3.0 | 92.00 | OK | |||
r-oldrel-windows-x86_64 | 0.3.0 | 16.00 | 110.00 | 126.00 | OK |
Version: 0.3.0
Check: CRAN incoming feasibility
Result: NOTE
Maintainer: ‘Constantin Ahlmann-Eltze <artjom31415@googlemail.com>’
Package CITATION file contains call(s) to old-style personList() or
as.personList(). Please use c() on person objects instead.
Package CITATION file contains call(s) to old-style citEntry(). Please
use bibentry() instead.
Flavors: r-devel-linux-x86_64-debian-clang, r-devel-linux-x86_64-debian-gcc