Last updated on 2025-11-22 05:48:41 CET.
| Flavor | Version | Tinstall | Tcheck | Ttotal | Status | Flags |
|---|---|---|---|---|---|---|
| r-devel-linux-x86_64-debian-clang | 1.6.3 | 25.01 | 77.42 | 102.43 | OK | |
| r-devel-linux-x86_64-debian-gcc | 1.6.3 | 16.03 | 60.76 | 76.79 | OK | |
| r-devel-linux-x86_64-fedora-clang | 1.6.3 | 133.00 | 47.34 | 180.34 | OK | |
| r-devel-linux-x86_64-fedora-gcc | 1.6.3 | 87.00 | 79.12 | 166.12 | OK | |
| r-devel-windows-x86_64 | 1.6.2 | 32.00 | 103.00 | 135.00 | NOTE | |
| r-patched-linux-x86_64 | 1.6.3 | 23.87 | 72.85 | 96.72 | OK | |
| r-release-linux-x86_64 | 1.6.2 | 22.00 | 73.82 | 95.82 | NOTE | |
| r-release-macos-arm64 | 1.6.2 | 10.00 | 16.00 | 26.00 | NOTE | |
| r-release-macos-x86_64 | 1.6.3 | 20.00 | 85.00 | 105.00 | OK | |
| r-release-windows-x86_64 | 1.6.2 | 30.00 | 106.00 | 136.00 | NOTE | |
| r-oldrel-macos-arm64 | 1.6.3 | 0.00 | 10.00 | 10.00 | ERROR | |
| r-oldrel-macos-x86_64 | 1.6.3 | 20.00 | 87.00 | 107.00 | OK | |
| r-oldrel-windows-x86_64 | 1.6.2 | 36.00 | 129.00 | 165.00 | NOTE |
Version: 1.6.2
Check: C++ specification
Result: NOTE
Specified C++11: please drop specification unless essential
Flavors: r-devel-windows-x86_64, r-release-linux-x86_64, r-release-macos-arm64, r-release-windows-x86_64, r-oldrel-windows-x86_64
Version: 1.6.2
Check: Rd files
Result: NOTE
checkRd: (-1) GenerateData.Rd:53: Lost braces in \itemize; \value handles \item{}{} directly
checkRd: (-1) GenerateData.Rd:54: Lost braces in \itemize; \value handles \item{}{} directly
checkRd: (-1) GenerateData.Rd:55: Lost braces in \itemize; \value handles \item{}{} directly
checkRd: (-1) GenerateData.Rd:56: Lost braces in \itemize; \value handles \item{}{} directly
checkRd: (-1) GenerateData.Rd:57: Lost braces in \itemize; \value handles \item{}{} directly
checkRd: (-1) GenerateData.Rd:58: Lost braces in \itemize; \value handles \item{}{} directly
checkRd: (-1) GenerateData.Rd:59: Lost braces in \itemize; \value handles \item{}{} directly
checkRd: (-1) GenerateData.Rd:60: Lost braces in \itemize; \value handles \item{}{} directly
checkRd: (-1) GenerateData.Rd:61: Lost braces in \itemize; \value handles \item{}{} directly
checkRd: (-1) GenerateData.Rd:62: Lost braces in \itemize; \value handles \item{}{} directly
checkRd: (-1) GenerateData.Rd:63: Lost braces in \itemize; \value handles \item{}{} directly
checkRd: (-1) estimateR.Rd:56: Lost braces in \itemize; \value handles \item{}{} directly
checkRd: (-1) estimateR.Rd:57: Lost braces in \itemize; \value handles \item{}{} directly
checkRd: (-1) estimateR.Rd:62: Lost braces in \itemize; \value handles \item{}{} directly
checkRd: (-1) estimateR.Rd:63: Lost braces in \itemize; \value handles \item{}{} directly
checkRd: (-1) estimateR.Rd:64: Lost braces in \itemize; \value handles \item{}{} directly
checkRd: (-1) estimateR.Rd:65: Lost braces in \itemize; \value handles \item{}{} directly
checkRd: (-1) estimateR.Rd:66: Lost braces in \itemize; \value handles \item{}{} directly
checkRd: (-1) estimateR.Rd:67: Lost braces in \itemize; \value handles \item{}{} directly
checkRd: (-1) find_w12bic.Rd:53: Lost braces in \itemize; \value handles \item{}{} directly
checkRd: (-1) find_w12bic.Rd:54: Lost braces in \itemize; \value handles \item{}{} directly
checkRd: (-1) find_w12bic.Rd:55: Lost braces in \itemize; \value handles \item{}{} directly
checkRd: (-1) find_w12bic.Rd:56: Lost braces in \itemize; \value handles \item{}{} directly
checkRd: (-1) find_w12bic.Rd:57: Lost braces in \itemize; \value handles \item{}{} directly
checkRd: (-1) find_w12bic.Rd:58: Lost braces in \itemize; \value handles \item{}{} directly
checkRd: (-1) find_w12bic.Rd:59: Lost braces in \itemize; \value handles \item{}{} directly
checkRd: (-1) mixedCCA.Rd:62: Lost braces in \itemize; \value handles \item{}{} directly
checkRd: (-1) mixedCCA.Rd:63: Lost braces in \itemize; \value handles \item{}{} directly
checkRd: (-1) mixedCCA.Rd:64: Lost braces in \itemize; \value handles \item{}{} directly
checkRd: (-1) mixedCCA.Rd:65: Lost braces in \itemize; \value handles \item{}{} directly
checkRd: (-1) mixedCCA.Rd:66: Lost braces in \itemize; \value handles \item{}{} directly
checkRd: (-1) mixedCCA.Rd:67: Lost braces in \itemize; \value handles \item{}{} directly
checkRd: (-1) myrcc.Rd:25: Lost braces in \itemize; \value handles \item{}{} directly
checkRd: (-1) myrcc.Rd:26: Lost braces in \itemize; \value handles \item{}{} directly
checkRd: (-1) myrcc.Rd:27: Lost braces in \itemize; \value handles \item{}{} directly
checkRd: (-1) standardCCA.Rd:21: Lost braces in \itemize; \value handles \item{}{} directly
checkRd: (-1) standardCCA.Rd:22: Lost braces in \itemize; \value handles \item{}{} directly
checkRd: (-1) standardCCA.Rd:23: Lost braces in \itemize; \value handles \item{}{} directly
Flavors: r-devel-windows-x86_64, r-release-linux-x86_64, r-release-macos-arm64, r-release-windows-x86_64, r-oldrel-windows-x86_64
Version: 1.6.3
Check: whether package can be installed
Result: ERROR
Installation failed.
Flavor: r-oldrel-macos-arm64