Last updated on 2025-07-13 00:48:32 CEST.
Flavor | Version | Tinstall | Tcheck | Ttotal | Status | Flags |
---|---|---|---|---|---|---|
r-devel-linux-x86_64-debian-clang | 6.3-1 | 18.00 | 147.03 | 165.03 | NOTE | |
r-devel-linux-x86_64-debian-gcc | 6.3-1 | 10.42 | 101.57 | 111.99 | NOTE | |
r-devel-linux-x86_64-fedora-clang | 6.3-1 | 265.20 | OK | |||
r-devel-linux-x86_64-fedora-gcc | 6.3-1 | 259.64 | OK | |||
r-devel-windows-x86_64 | 6.3-1 | 18.00 | 136.00 | 154.00 | OK | |
r-patched-linux-x86_64 | 6.3-1 | 15.08 | 140.36 | 155.44 | OK | |
r-release-linux-x86_64 | 6.3-1 | 16.50 | 142.11 | 158.61 | OK | |
r-release-macos-arm64 | 6.3-1 | 96.00 | OK | |||
r-release-macos-x86_64 | 6.3-1 | 189.00 | OK | |||
r-release-windows-x86_64 | 6.3-1 | 18.00 | 140.00 | 158.00 | OK | |
r-oldrel-macos-arm64 | 6.3-1 | 68.00 | OK | |||
r-oldrel-macos-x86_64 | 6.3-1 | 108.00 | OK | |||
r-oldrel-windows-x86_64 | 6.3-1 | 24.00 | 183.00 | 207.00 | OK |
Version: 6.3-1
Check: CRAN incoming feasibility
Result: NOTE
Maintainer: ‘Qingzhao Yu <qyu@lsuhsc.edu>’
No Authors@R field in DESCRIPTION.
Please add one, modifying
Authors@R: c(person(given = "Qingzhao",
family = "Yu",
role = c("aut", "cre"),
email = "qyu@lsuhsc.edu"),
person(given = "Bin",
family = "Li",
role = "aut"))
as necessary.
Flavors: r-devel-linux-x86_64-debian-clang, r-devel-linux-x86_64-debian-gcc