CRAN Package Check Results for Package mlogit

Last updated on 2025-07-09 12:49:42 CEST.

Flavor Version Tinstall Tcheck Ttotal Status Flags
r-devel-linux-x86_64-debian-clang 1.1-2 7.66 314.04 321.70 NOTE
r-devel-linux-x86_64-debian-gcc 1.1-2 5.27 192.42 197.69 NOTE
r-devel-linux-x86_64-fedora-clang 1.1-2 510.46 NOTE
r-devel-linux-x86_64-fedora-gcc 1.1-2 531.91 NOTE
r-devel-windows-x86_64 1.1-2 8.00 336.00 344.00 NOTE
r-patched-linux-x86_64 1.1-2 7.41 302.85 310.26 NOTE
r-release-linux-x86_64 1.1-2 7.24 298.27 305.51 NOTE
r-release-macos-arm64 1.1-2 137.00 OK
r-release-macos-x86_64 1.1-2 335.00 OK
r-release-windows-x86_64 1.1-2 9.00 340.00 349.00 NOTE
r-oldrel-macos-arm64 1.1-2 156.00 OK
r-oldrel-macos-x86_64 1.1-2 355.00 OK
r-oldrel-windows-x86_64 1.1-2 11.00 473.00 484.00 OK

Check Details

Version: 1.1-2
Check: differences from ‘mlogit-Ex.Rout’ to ‘mlogit-Ex.Rout.save’
Result: NOTE 2,3c2,7 < The tidyverse part of the package is now in the tidydfidx package < so that the dfidx package now depends only on a small set of packages --- > > Attaching package: 'dfidx' > > The following object is masked from 'package:stats': > > filter Flavors: r-devel-linux-x86_64-debian-clang, r-devel-linux-x86_64-debian-gcc, r-devel-windows-x86_64, r-patched-linux-x86_64, r-release-linux-x86_64, r-release-windows-x86_64

Version: 1.1-2
Check: tests
Result: NOTE Running ‘AER.R’ [3s/4s] Comparing ‘AER.Rout’ to ‘AER.Rout.save’ ...83,84c83,88 < The tidyverse part of the package is now in the tidydfidx package < so that the dfidx package now depends only on a small set of packages --- > > Attaching package: 'dfidx' > > The following object is masked from 'package:stats': > > filter Running ‘greene.R’ [1s/2s] Comparing ‘greene.Rout’ to ‘greene.Rout.save’ ...4,5c4,9 < The tidyverse part of the package is now in the tidydfidx package < so that the dfidx package now depends only on a small set of packages --- > > Attaching package: 'dfidx' > > The following object is masked from 'package:stats': > > filter Flavor: r-devel-linux-x86_64-debian-clang

Version: 1.1-2
Check: tests
Result: NOTE Running ‘AER.R’ [2s/3s] Comparing ‘AER.Rout’ to ‘AER.Rout.save’ ...83,84c83,88 < The tidyverse part of the package is now in the tidydfidx package < so that the dfidx package now depends only on a small set of packages --- > > Attaching package: 'dfidx' > > The following object is masked from 'package:stats': > > filter Running ‘greene.R’ [1s/2s] Comparing ‘greene.Rout’ to ‘greene.Rout.save’ ...4,5c4,9 < The tidyverse part of the package is now in the tidydfidx package < so that the dfidx package now depends only on a small set of packages --- > > Attaching package: 'dfidx' > > The following object is masked from 'package:stats': > > filter Flavors: r-devel-linux-x86_64-debian-gcc, r-patched-linux-x86_64

Version: 1.1-2
Check: differences from ‘mlogit-Ex.Rout’ to ‘mlogit-Ex.Rout.save’
Result: NOTE 1a2,8 > > Attaching package: 'dfidx' > > The following object is masked from 'package:stats': > > filter > 163c170 < 7 iterations, 0h:0m:1s --- > 7 iterations, 0h:0m:0s 249c256 < 7 iterations, 0h:0m:1s --- > 7 iterations, 0h:0m:0s Flavor: r-devel-linux-x86_64-fedora-clang

Version: 1.1-2
Check: tests
Result: NOTE Running ‘AER.R’ [4s/13s] Comparing ‘AER.Rout’ to ‘AER.Rout.save’ ...82a83,89 > > Attaching package: 'dfidx' > > The following object is masked from 'package:stats': > > filter > Running ‘greene.R’ [3s/10s] Comparing ‘greene.Rout’ to ‘greene.Rout.save’ ...3a4,10 > > Attaching package: 'dfidx' > > The following object is masked from 'package:stats': > > filter > Flavor: r-devel-linux-x86_64-fedora-clang

Version: 1.1-2
Check: differences from ‘mlogit-Ex.Rout’ to ‘mlogit-Ex.Rout.save’
Result: NOTE 1a2,8 > > Attaching package: 'dfidx' > > The following object is masked from 'package:stats': > > filter > Flavor: r-devel-linux-x86_64-fedora-gcc

Version: 1.1-2
Check: tests
Result: NOTE Running ‘AER.R’ Comparing ‘AER.Rout’ to ‘AER.Rout.save’ ...82a83,89 > > Attaching package: 'dfidx' > > The following object is masked from 'package:stats': > > filter > 146c153 < 5 iterations, 0h:0m:1s --- > 5 iterations, 0h:0m:0s Running ‘greene.R’ Comparing ‘greene.Rout’ to ‘greene.Rout.save’ ...3a4,10 > > Attaching package: 'dfidx' > > The following object is masked from 'package:stats': > > filter > Flavor: r-devel-linux-x86_64-fedora-gcc

Version: 1.1-2
Check: tests
Result: NOTE Running 'AER.R' [3s] Comparing 'AER.Rout' to 'AER.Rout.save' ...83,84c83,88 < The tidyverse part of the package is now in the tidydfidx package < so that the dfidx package now depends only on a small set of packages --- > > Attaching package: 'dfidx' > > The following object is masked from 'package:stats': > > filter Running 'greene.R' [2s] Comparing 'greene.Rout' to 'greene.Rout.save' ...4,5c4,9 < The tidyverse part of the package is now in the tidydfidx package < so that the dfidx package now depends only on a small set of packages --- > > Attaching package: 'dfidx' > > The following object is masked from 'package:stats': > > filter Flavors: r-devel-windows-x86_64, r-release-windows-x86_64

Version: 1.1-2
Check: tests
Result: NOTE Running ‘AER.R’ [2s/4s] Comparing ‘AER.Rout’ to ‘AER.Rout.save’ ...83,84c83,88 < The tidyverse part of the package is now in the tidydfidx package < so that the dfidx package now depends only on a small set of packages --- > > Attaching package: 'dfidx' > > The following object is masked from 'package:stats': > > filter Running ‘greene.R’ [1s/2s] Comparing ‘greene.Rout’ to ‘greene.Rout.save’ ...4,5c4,9 < The tidyverse part of the package is now in the tidydfidx package < so that the dfidx package now depends only on a small set of packages --- > > Attaching package: 'dfidx' > > The following object is masked from 'package:stats': > > filter Flavor: r-release-linux-x86_64

mirror server hosted at Truenetwork, Russian Federation.