Last updated on 2025-11-02 23:49:43 CET.
| Flavor | Version | Tinstall | Tcheck | Ttotal | Status | Flags |
|---|---|---|---|---|---|---|
| r-devel-linux-x86_64-debian-clang | 0.2.0 | 2.64 | 39.68 | 42.32 | OK | |
| r-devel-linux-x86_64-debian-gcc | 0.2.0 | 1.96 | 29.45 | 31.41 | OK | |
| r-devel-linux-x86_64-fedora-clang | 0.2.0 | 60.40 | NOTE | |||
| r-devel-linux-x86_64-fedora-gcc | 0.2.0 | 56.94 | NOTE | |||
| r-devel-windows-x86_64 | 0.2.0 | 5.00 | 59.00 | 64.00 | OK | |
| r-patched-linux-x86_64 | 0.2.0 | 1.79 | 35.31 | 37.10 | OK | |
| r-release-linux-x86_64 | 0.2.0 | 2.55 | 35.15 | 37.70 | OK | |
| r-release-macos-arm64 | 0.2.0 | 1.00 | 25.00 | 26.00 | OK | |
| r-release-macos-x86_64 | 0.2.0 | 2.00 | 36.00 | 38.00 | OK | |
| r-release-windows-x86_64 | 0.2.0 | 5.00 | 58.00 | 63.00 | OK | |
| r-oldrel-macos-arm64 | 0.2.0 | 1.00 | 25.00 | 26.00 | OK | |
| r-oldrel-macos-x86_64 | 0.2.0 | 3.00 | 36.00 | 39.00 | OK | |
| r-oldrel-windows-x86_64 | 0.2.0 | 6.00 | 68.00 | 74.00 | OK |
Version: 0.2.0
Check: dependencies in R code
Result: NOTE
Namespaces in Imports field not imported from:
‘caret’ ‘randomForest’
All declared Imports should be used.
Flavors: r-devel-linux-x86_64-fedora-clang, r-devel-linux-x86_64-fedora-gcc