CRAN Package Check Results for Package mmaqshiny

Last updated on 2025-11-03 05:50:47 CET.

Flavor Version Tinstall Tcheck Ttotal Status Flags
r-devel-linux-x86_64-debian-clang 1.0.0 1.88 18.82 20.70 OK
r-devel-linux-x86_64-debian-gcc 1.0.0 1.79 15.88 17.67 OK
r-devel-linux-x86_64-fedora-clang 1.0.0 31.92 NOTE
r-devel-linux-x86_64-fedora-gcc 1.0.0 29.09 NOTE
r-devel-windows-x86_64 1.0.0 6.00 37.00 43.00 OK
r-patched-linux-x86_64 1.0.0 2.13 17.90 20.03 OK
r-release-linux-x86_64 1.0.0 2.11 18.18 20.29 OK
r-release-macos-arm64 1.0.0 1.00 16.00 17.00 OK
r-release-macos-x86_64 1.0.0 2.00 21.00 23.00 OK
r-release-windows-x86_64 1.0.0 6.00 36.00 42.00 OK
r-oldrel-macos-arm64 1.0.0 1.00 16.00 17.00 NOTE
r-oldrel-macos-x86_64 1.0.0 2.00 25.00 27.00 NOTE
r-oldrel-windows-x86_64 1.0.0 9.00 42.00 51.00 NOTE

Check Details

Version: 1.0.0
Check: dependencies in R code
Result: NOTE Namespaces in Imports field not imported from: ‘Cairo’ ‘DT’ ‘XML’ ‘caTools’ ‘data.table’ ‘dplyr’ ‘ggplot2’ ‘htmltools’ ‘leaflet’ ‘lubridate’ ‘plotly’ ‘shinyjs’ ‘stringr’ ‘xts’ ‘zoo’ All declared Imports should be used. Flavors: r-devel-linux-x86_64-fedora-clang, r-devel-linux-x86_64-fedora-gcc

Version: 1.0.0
Check: installed package size
Result: NOTE installed size is 15.6Mb sub-directories of 1Mb or more: images 1.1Mb shiny 14.5Mb Flavors: r-oldrel-macos-arm64, r-oldrel-macos-x86_64, r-oldrel-windows-x86_64

Version: 1.0.0
Check: LazyData
Result: NOTE 'LazyData' is specified without a 'data' directory Flavors: r-oldrel-macos-arm64, r-oldrel-macos-x86_64, r-oldrel-windows-x86_64

mirror server hosted at Truenetwork, Russian Federation.