CRAN Package Check Results for Package mmpca

Last updated on 2025-05-27 18:49:55 CEST.

Flavor Version Tinstall Tcheck Ttotal Status Flags
r-devel-linux-x86_64-debian-clang 2.0.3 45.60 28.29 73.89 NOTE
r-devel-linux-x86_64-debian-gcc 2.0.3 34.83 26.10 60.93 NOTE
r-devel-linux-x86_64-fedora-clang 2.0.3 123.79 NOTE
r-devel-linux-x86_64-fedora-gcc 2.0.3 133.46 NOTE
r-devel-windows-x86_64 2.0.3 54.00 74.00 128.00 NOTE
r-patched-linux-x86_64 2.0.3 47.15 31.29 78.44 NOTE
r-release-linux-x86_64 2.0.3 46.49 31.36 77.85 NOTE
r-release-macos-arm64 2.0.3 39.00 NOTE
r-release-macos-x86_64 2.0.3 71.00 NOTE
r-release-windows-x86_64 2.0.3 57.00 79.00 136.00 NOTE
r-oldrel-macos-arm64 2.0.3 36.00 NOTE
r-oldrel-macos-x86_64 2.0.3 52.00 NOTE
r-oldrel-windows-x86_64 2.0.3 64.00 86.00 150.00 NOTE

Check Details

Version: 2.0.3
Check: CRAN incoming feasibility
Result: NOTE Maintainer: ‘Felix Held <felix.held@gmail.com>’ The Description field contains <arXiv:1911.04927>. Please refer to arXiv e-prints via their arXiv DOI <doi:10.48550/arXiv.YYMM.NNNNN>. Flavors: r-devel-linux-x86_64-debian-clang, r-devel-linux-x86_64-debian-gcc

Version: 2.0.3
Check: C++ specification
Result: NOTE Specified C++14: please drop specification unless essential Flavors: r-devel-linux-x86_64-debian-clang, r-devel-linux-x86_64-debian-gcc, r-devel-linux-x86_64-fedora-clang, r-devel-linux-x86_64-fedora-gcc, r-devel-windows-x86_64, r-patched-linux-x86_64, r-release-linux-x86_64, r-release-macos-arm64, r-release-macos-x86_64, r-release-windows-x86_64, r-oldrel-macos-arm64, r-oldrel-macos-x86_64, r-oldrel-windows-x86_64

Version: 2.0.3
Check: installed package size
Result: NOTE installed size is 29.9Mb sub-directories of 1Mb or more: libs 29.8Mb Flavors: r-oldrel-macos-arm64, r-oldrel-macos-x86_64

mirror server hosted at Truenetwork, Russian Federation.