Last updated on 2025-11-24 11:50:12 CET.
| Flavor | Version | Tinstall | Tcheck | Ttotal | Status | Flags |
|---|---|---|---|---|---|---|
| r-devel-linux-x86_64-debian-clang | 0.3-4 | 15.49 | 33.22 | 48.71 | NOTE | |
| r-devel-linux-x86_64-debian-gcc | 0.3-4 | 10.52 | 26.53 | 37.05 | NOTE | |
| r-devel-linux-x86_64-fedora-clang | 0.3-4 | 98.00 | -11.20 | 86.80 | OK | |
| r-devel-linux-x86_64-fedora-gcc | 0.3-4 | 33.00 | 39.29 | 72.29 | OK | |
| r-devel-windows-x86_64 | 0.3-4 | 26.00 | 66.00 | 92.00 | OK | |
| r-patched-linux-x86_64 | 0.3-4 | 14.87 | 30.44 | 45.31 | OK | |
| r-release-linux-x86_64 | 0.3-4 | 16.22 | 30.36 | 46.58 | OK | |
| r-release-macos-arm64 | 0.3-4 | OK | ||||
| r-release-macos-x86_64 | 0.3-4 | 13.00 | 31.00 | 44.00 | OK | |
| r-release-windows-x86_64 | 0.3-4 | 24.00 | 77.00 | 101.00 | OK | |
| r-oldrel-macos-arm64 | 0.3-4 | OK | ||||
| r-oldrel-macos-x86_64 | 0.3-4 | 12.00 | 26.00 | 38.00 | OK | |
| r-oldrel-windows-x86_64 | 0.3-4 | 26.00 | 81.00 | 107.00 | OK |
Version: 0.3-4
Check: CRAN incoming feasibility
Result: NOTE
Maintainer: ‘Alexander Robitzsch <robitzsch@ipn.uni-kiel.de>’
No Authors@R field in DESCRIPTION.
Please add one, modifying
Authors@R: person(given = "Alexander",
family = "Robitzsch",
role = c("aut", "cre"),
email = "robitzsch@ipn.uni-kiel.de",
comment = c(ORCID = "0000-0002-8226-3132"))
as necessary.
Flavors: r-devel-linux-x86_64-debian-clang, r-devel-linux-x86_64-debian-gcc