CRAN Package Check Results for Package mob

Last updated on 2025-07-13 00:48:32 CEST.

Flavor Version Tinstall Tcheck Ttotal Status Flags
r-devel-linux-x86_64-debian-clang 0.4.2 6.73 59.14 65.87 NOTE
r-devel-linux-x86_64-debian-gcc 0.4.2 5.35 44.82 50.17 NOTE
r-devel-linux-x86_64-fedora-clang 0.4.2 103.72 OK
r-devel-linux-x86_64-fedora-gcc 0.4.2 95.05 OK
r-devel-windows-x86_64 0.4.2 7.00 71.00 78.00 OK
r-patched-linux-x86_64 0.4.2 7.35 56.42 63.77 OK
r-release-linux-x86_64 0.4.2 7.27 55.77 63.04 OK
r-release-macos-arm64 0.4.2 43.00 OK
r-release-macos-x86_64 0.4.2 64.00 OK
r-release-windows-x86_64 0.4.2 8.00 75.00 83.00 OK
r-oldrel-macos-arm64 0.4.2 34.00 OK
r-oldrel-macos-x86_64 0.4.2 49.00 OK
r-oldrel-windows-x86_64 0.4.2 12.00 86.00 98.00 OK

Check Details

Version: 0.4.2
Check: CRAN incoming feasibility
Result: NOTE Maintainer: ‘WenSui Liu <liuwensui@gmail.com>’ No Authors@R field in DESCRIPTION. Please add one, modifying Authors@R: person(given = "WenSui", family = "Liu", role = c("aut", "cre"), email = "liuwensui@gmail.com") as necessary. Flavors: r-devel-linux-x86_64-debian-clang, r-devel-linux-x86_64-debian-gcc

mirror server hosted at Truenetwork, Russian Federation.