CRAN Package Check Results for Package momentchi2

Last updated on 2025-05-28 18:51:24 CEST.

Flavor Version Tinstall Tcheck Ttotal Status Flags
r-devel-linux-x86_64-debian-clang 0.1.5 1.66 17.25 18.91 NOTE
r-devel-linux-x86_64-debian-gcc 0.1.5 1.29 14.55 15.84 NOTE
r-devel-linux-x86_64-fedora-clang 0.1.5 30.05 OK
r-devel-linux-x86_64-fedora-gcc 0.1.5 28.59 OK
r-devel-windows-x86_64 0.1.5 3.00 36.00 39.00 OK
r-patched-linux-x86_64 0.1.5 1.88 16.77 18.65 OK
r-release-linux-x86_64 0.1.5 1.64 16.75 18.39 OK
r-release-macos-arm64 0.1.5 19.00 OK
r-release-macos-x86_64 0.1.5 22.00 OK
r-release-windows-x86_64 0.1.5 3.00 38.00 41.00 OK
r-oldrel-macos-arm64 0.1.5 14.00 NOTE
r-oldrel-macos-x86_64 0.1.5 19.00 NOTE
r-oldrel-windows-x86_64 0.1.5 3.00 35.00 38.00 NOTE

Check Details

Version: 0.1.5
Check: CRAN incoming feasibility
Result: NOTE Maintainer: ‘Dean Bodenham <deanbodenhambsse@gmail.com>’ No Authors@R field in DESCRIPTION. Please add one, modifying Authors@R: person(given = "Dean", family = "Bodenham", role = c("aut", "cre"), email = "deanbodenhambsse@gmail.com") as necessary. Flavors: r-devel-linux-x86_64-debian-clang, r-devel-linux-x86_64-debian-gcc

Version: 0.1.5
Check: LazyData
Result: NOTE 'LazyData' is specified without a 'data' directory Flavors: r-oldrel-macos-arm64, r-oldrel-macos-x86_64, r-oldrel-windows-x86_64

mirror server hosted at Truenetwork, Russian Federation.