CRAN Package Check Results for Package momentchi2

Last updated on 2025-11-24 17:50:06 CET.

Flavor Version Tinstall Tcheck Ttotal Status Flags
r-devel-linux-x86_64-debian-clang 0.1.5 1.75 18.92 20.67 NOTE
r-devel-linux-x86_64-debian-gcc 0.1.5 1.33 15.67 17.00 NOTE
r-devel-linux-x86_64-fedora-clang 0.1.5 31.31 OK
r-devel-linux-x86_64-fedora-gcc 0.1.5 28.78 OK
r-devel-windows-x86_64 0.1.5 2.00 33.00 35.00 OK
r-patched-linux-x86_64 0.1.5 1.82 17.86 19.68 OK
r-release-linux-x86_64 0.1.5 1.72 17.79 19.51 OK
r-release-macos-arm64 0.1.5 OK
r-release-macos-x86_64 0.1.5 2.00 20.00 22.00 OK
r-release-windows-x86_64 0.1.5 3.00 32.00 35.00 OK
r-oldrel-macos-arm64 0.1.5 NOTE
r-oldrel-macos-x86_64 0.1.5 2.00 17.00 19.00 NOTE
r-oldrel-windows-x86_64 0.1.5 3.00 35.00 38.00 NOTE

Check Details

Version: 0.1.5
Check: CRAN incoming feasibility
Result: NOTE Maintainer: ‘Dean Bodenham <deanbodenhambsse@gmail.com>’ No Authors@R field in DESCRIPTION. Please add one, modifying Authors@R: person(given = "Dean", family = "Bodenham", role = c("aut", "cre"), email = "deanbodenhambsse@gmail.com") as necessary. Flavors: r-devel-linux-x86_64-debian-clang, r-devel-linux-x86_64-debian-gcc

Version: 0.1.5
Check: LazyData
Result: NOTE 'LazyData' is specified without a 'data' directory Flavors: r-oldrel-macos-arm64, r-oldrel-macos-x86_64, r-oldrel-windows-x86_64

mirror server hosted at Truenetwork, Russian Federation.